CRAN Package Check Results for Package ProbReco

Last updated on 2021-06-25 08:50:10 CEST.

Flavor Version Tinstall Tcheck Ttotal Status Flags
r-devel-linux-x86_64-debian-clang 0.1.0.1 58.34 70.47 128.81 OK
r-devel-linux-x86_64-debian-gcc 0.1.0.1 41.46 56.62 98.08 OK
r-devel-linux-x86_64-fedora-clang 0.1.0.1 175.46 NOTE
r-devel-linux-x86_64-fedora-gcc 0.1.0.1 168.80 NOTE
r-devel-windows-x86_64 0.1.0.1 72.00 88.00 160.00 OK
r-devel-windows-x86_64-gcc10-UCRT 0.1.0.1 NOTE
r-patched-linux-x86_64 0.1.0.1 50.77 70.76 121.53 OK
r-patched-solaris-x86 0.1.0.1 184.60 NOTE
r-release-linux-x86_64 0.1.0.1 50.00 72.19 122.19 OK
r-release-macos-arm64 0.1.0.1 NOTE
r-release-macos-x86_64 0.1.0.1 NOTE
r-release-windows-ix86+x86_64 0.1.0.1 114.00 100.00 214.00 OK
r-oldrel-macos-x86_64 0.1.0.1 NOTE
r-oldrel-windows-ix86+x86_64 0.1.0.1 144.00 111.00 255.00 OK

Check Details

Version: 0.1.0.1
Check: installed package size
Result: NOTE
     installed size is 11.6Mb
     sub-directories of 1Mb or more:
     libs 11.2Mb
Flavors: r-devel-linux-x86_64-fedora-clang, r-release-macos-arm64, r-release-macos-x86_64, r-oldrel-macos-x86_64

Version: 0.1.0.1
Check: dependencies in R code
Result: NOTE
    Namespace in Imports field not imported from: ‘Rdpack’
     All declared Imports should be used.
Flavors: r-devel-linux-x86_64-fedora-clang, r-devel-linux-x86_64-fedora-gcc, r-devel-windows-x86_64-gcc10-UCRT, r-patched-solaris-x86, r-release-macos-arm64, r-release-macos-x86_64, r-oldrel-macos-x86_64