CRAN Package Check Results for Package ProFound

Last updated on 2021-08-04 07:49:48 CEST.

Flavor Version Tinstall Tcheck Ttotal Status Flags
r-devel-linux-x86_64-debian-clang 1.14.1 75.00 109.59 184.59 OK
r-devel-linux-x86_64-debian-gcc 1.14.1 48.38 81.45 129.83 OK
r-devel-linux-x86_64-fedora-clang 1.14.1 262.34 NOTE
r-devel-linux-x86_64-fedora-gcc 1.14.1 233.39 OK
r-devel-windows-x86_64 1.14.1 75.00 135.00 210.00 NOTE
r-devel-windows-x86_64-gcc10-UCRT 1.14.1 OK
r-patched-linux-x86_64 1.14.1 64.42 105.25 169.67 OK
r-patched-solaris-x86 1.14.1 269.50 OK
r-release-linux-x86_64 1.14.1 60.77 105.54 166.31 OK
r-release-macos-arm64 1.14.1 NOTE
r-release-macos-x86_64 1.14.1 NOTE
r-release-windows-ix86+x86_64 1.14.1 166.00 152.00 318.00 NOTE
r-oldrel-macos-x86_64 1.14.1 NOTE
r-oldrel-windows-ix86+x86_64 1.14.1 114.00 165.00 279.00 NOTE

Check Details

Version: 1.14.1
Check: installed package size
Result: NOTE
     installed size is 6.6Mb
     sub-directories of 1Mb or more:
     data 1.7Mb
     extdata 1.2Mb
     libs 2.6Mb
Flavors: r-devel-linux-x86_64-fedora-clang, r-devel-windows-x86_64, r-release-macos-arm64, r-release-macos-x86_64, r-release-windows-ix86+x86_64, r-oldrel-macos-x86_64, r-oldrel-windows-ix86+x86_64

Version: 1.14.1
Check: package dependencies
Result: NOTE
    Package suggested but not available for checking: ‘EBImage’
Flavor: r-release-macos-arm64