CRAN Package Check Results for Package PressPurt

Last updated on 2021-07-27 07:50:37 CEST.

Flavor Version Tinstall Tcheck Ttotal Status Flags
r-devel-linux-x86_64-debian-clang 1.0.2 9.97 90.92 100.89 NOTE
r-devel-linux-x86_64-debian-gcc 1.0.2 8.25 67.59 75.84 NOTE
r-devel-linux-x86_64-fedora-clang 1.0.2 127.03 NOTE
r-devel-linux-x86_64-fedora-gcc 1.0.2 114.13 NOTE
r-devel-windows-x86_64 1.0.2 15.00 110.00 125.00 NOTE
r-devel-windows-x86_64-gcc10-UCRT 1.0.2 NOTE
r-patched-linux-x86_64 1.0.2 8.83 85.63 94.46 NOTE
r-patched-solaris-x86 1.0.2 168.40 NOTE
r-release-linux-x86_64 1.0.2 8.21 84.69 92.90 NOTE
r-release-macos-arm64 1.0.2 NOTE
r-release-macos-x86_64 1.0.2 NOTE
r-release-windows-ix86+x86_64 1.0.2 23.00 80.00 103.00 NOTE
r-oldrel-macos-x86_64 1.0.2 OK
r-oldrel-windows-ix86+x86_64 1.0.2 19.00 111.00 130.00 OK

Check Details

Version: 1.0.2
Check: LazyData
Result: NOTE
     'LazyData' is specified without a 'data' directory
Flavors: r-devel-linux-x86_64-debian-clang, r-devel-linux-x86_64-debian-gcc, r-devel-linux-x86_64-fedora-clang, r-devel-linux-x86_64-fedora-gcc, r-devel-windows-x86_64, r-devel-windows-x86_64-gcc10-UCRT, r-patched-linux-x86_64, r-patched-solaris-x86, r-release-linux-x86_64, r-release-macos-arm64, r-release-macos-x86_64, r-release-windows-ix86+x86_64