CRAN Package Check Results for Package Power2Stage

Last updated on 2021-08-02 07:52:00 CEST.

Flavor Version Tinstall Tcheck Ttotal Status Flags
r-devel-linux-x86_64-debian-clang 0.5-3 9.63 83.80 93.43 NOTE
r-devel-linux-x86_64-debian-gcc 0.5-3 9.57 61.86 71.43 NOTE
r-devel-linux-x86_64-fedora-clang 0.5-3 124.49 NOTE
r-devel-linux-x86_64-fedora-gcc 0.5-3 112.30 NOTE
r-devel-windows-x86_64 0.5-3 12.00 105.00 117.00 NOTE
r-devel-windows-x86_64-gcc10-UCRT 0.5-3 NOTE
r-patched-linux-x86_64 0.5-3 NOTE
r-patched-solaris-x86 0.5-3 139.80 NOTE
r-release-linux-x86_64 0.5-3 10.18 81.71 91.89 NOTE
r-release-macos-arm64 0.5-3 NOTE
r-release-macos-x86_64 0.5-3 NOTE
r-release-windows-ix86+x86_64 0.5-3 20.00 74.00 94.00 NOTE
r-oldrel-macos-x86_64 0.5-3 OK
r-oldrel-windows-ix86+x86_64 0.5-3 16.00 103.00 119.00 OK

Check Details

Version: 0.5-3
Check: LazyData
Result: NOTE
     'LazyData' is specified without a 'data' directory
Flavors: r-devel-linux-x86_64-debian-clang, r-devel-linux-x86_64-debian-gcc, r-devel-linux-x86_64-fedora-clang, r-devel-linux-x86_64-fedora-gcc, r-devel-windows-x86_64, r-devel-windows-x86_64-gcc10-UCRT, r-patched-linux-x86_64, r-patched-solaris-x86, r-release-linux-x86_64, r-release-macos-arm64, r-release-macos-x86_64, r-release-windows-ix86+x86_64