CRAN Package Check Results for Package Plasmode

Last updated on 2021-05-05 07:49:08 CEST.

Flavor Version Tinstall Tcheck Ttotal Status Flags
r-devel-linux-x86_64-debian-clang 0.1.0 8.52 75.37 83.89 NOTE
r-devel-linux-x86_64-debian-gcc 0.1.0 7.49 57.16 64.65 NOTE
r-devel-linux-x86_64-fedora-clang 0.1.0 110.26 NOTE
r-devel-linux-x86_64-fedora-gcc 0.1.0 98.80 NOTE
r-devel-windows-ix86+x86_64 0.1.0 21.00 99.00 120.00 NOTE
r-devel-windows-x86_64-gcc10-UCRT 0.1.0 NOTE
r-patched-linux-x86_64 0.1.0 8.61 72.19 80.80 NOTE
r-patched-solaris-x86 0.1.0 148.40 NOTE
r-release-linux-x86_64 0.1.0 8.24 69.82 78.06 OK
r-release-macos-x86_64 0.1.0 NOTE
r-release-windows-ix86+x86_64 0.1.0 16.00 67.00 83.00 OK
r-oldrel-macos-x86_64 0.1.0 NOTE
r-oldrel-windows-ix86+x86_64 0.1.0 17.00 0.00 17.00 ERROR

Check Details

Version: 0.1.0
Check: LazyData
Result: NOTE
     'LazyData' is specified without a 'data' directory
Flavors: r-devel-linux-x86_64-debian-clang, r-devel-linux-x86_64-debian-gcc, r-devel-linux-x86_64-fedora-clang, r-devel-linux-x86_64-fedora-gcc, r-devel-windows-ix86+x86_64, r-devel-windows-x86_64-gcc10-UCRT, r-patched-linux-x86_64

Version: 0.1.0
Check: dependencies in R code
Result: NOTE
    Namespaces in Imports field not imported from:
     ‘MASS’ ‘Matrix’ ‘RColorBrewer’ ‘arm’ ‘epiDisplay’ ‘foreign’ ‘gbm’
     ‘grid’ ‘lattice’ ‘latticeExtra’ ‘lme4’ ‘nnet’ ‘parallel’ ‘splines’
     ‘survey’ ‘twang’ ‘xtable’
     All declared Imports should be used.
Flavors: r-devel-linux-x86_64-fedora-clang, r-devel-linux-x86_64-fedora-gcc, r-devel-windows-x86_64-gcc10-UCRT, r-patched-solaris-x86, r-release-macos-x86_64, r-oldrel-macos-x86_64

Version: 0.1.0
Check: whether package can be installed
Result: ERROR
    Installation failed.
    See * DONE
    Check process probably crashed or hung up for 20 minutes ... killed
    Most likely this happened in the example checks (?),
    if not, ignore the following last lines of example output:
    
    ======== End of example output (where/before crash/hang up occured ?) ========
Flavor: r-oldrel-windows-ix86+x86_64