CRAN Package Check Results for Package ParamHelpers

Last updated on 2021-09-21 07:50:24 CEST.

Flavor Version Tinstall Tcheck Ttotal Status Flags
r-devel-linux-x86_64-debian-clang 1.14 7.50 72.70 80.20 NOTE
r-devel-linux-x86_64-debian-gcc 1.14 5.64 54.12 59.76 NOTE
r-devel-linux-x86_64-fedora-clang 1.14 107.60 NOTE
r-devel-linux-x86_64-fedora-gcc 1.14 93.95 NOTE
r-devel-windows-x86_64 1.14 9.00 70.00 79.00 NOTE
r-devel-windows-x86_64-gcc10-UCRT 1.14 ERROR
r-patched-linux-x86_64 1.14 8.47 69.96 78.43 NOTE
r-patched-solaris-x86 1.14 116.90 NOTE
r-release-linux-x86_64 1.14 6.94 69.23 76.17 NOTE
r-release-macos-arm64 1.14 NOTE
r-release-macos-x86_64 1.14 NOTE
r-release-windows-ix86+x86_64 1.14 18.00 131.00 149.00 NOTE
r-oldrel-macos-x86_64 1.14 OK
r-oldrel-windows-ix86+x86_64 1.14 16.00 131.00 147.00 OK

Check Details

Version: 1.14
Check: LazyData
Result: NOTE
     'LazyData' is specified without a 'data' directory
Flavors: r-devel-linux-x86_64-debian-clang, r-devel-linux-x86_64-debian-gcc, r-devel-linux-x86_64-fedora-clang, r-devel-linux-x86_64-fedora-gcc, r-devel-windows-x86_64, r-patched-linux-x86_64, r-patched-solaris-x86, r-release-linux-x86_64, r-release-macos-arm64, r-release-macos-x86_64, r-release-windows-ix86+x86_64

Version: 1.14
Check: whether package can be installed
Result: ERROR
    Installation failed.
Flavor: r-devel-windows-x86_64-gcc10-UCRT