CRAN Package Check Results for Package PakPMICS2014HL

Last updated on 2021-07-28 07:49:33 CEST.

Flavor Version Tinstall Tcheck Ttotal Status Flags
r-devel-linux-x86_64-debian-clang 0.1.1 OK
r-devel-linux-x86_64-debian-gcc 0.1.1 27.34 27.91 55.25 OK
r-devel-linux-x86_64-fedora-clang 0.1.1 98.17 NOTE
r-devel-linux-x86_64-fedora-gcc 0.1.1 87.70 NOTE
r-devel-windows-x86_64 0.1.1 43.00 52.00 95.00 OK
r-devel-windows-x86_64-gcc10-UCRT 0.1.1 NOTE
r-patched-linux-x86_64 0.1.1 31.85 33.85 65.70 OK
r-patched-solaris-x86 0.1.1 200.20 NOTE
r-release-linux-x86_64 0.1.1 31.48 33.71 65.19 OK
r-release-macos-arm64 0.1.1 NOTE
r-release-macos-x86_64 0.1.1 NOTE
r-release-windows-ix86+x86_64 0.1.1 44.00 46.00 90.00 OK
r-oldrel-macos-x86_64 0.1.1 NOTE
r-oldrel-windows-ix86+x86_64 0.1.1 39.00 50.00 89.00 OK

Check Details

Version: 0.1.1
Check: dependencies in R code
Result: NOTE
    Namespace in Imports field not imported from: ‘stats’
     All declared Imports should be used.
Flavors: r-devel-linux-x86_64-fedora-clang, r-devel-linux-x86_64-fedora-gcc, r-devel-windows-x86_64-gcc10-UCRT, r-patched-solaris-x86, r-release-macos-arm64, r-release-macos-x86_64, r-oldrel-macos-x86_64