CRAN Package Check Results for Package PakPMICS2014HL

Last updated on 2021-10-20 07:49:55 CEST.

Flavor Version Tinstall Tcheck Ttotal Status Flags
r-devel-linux-x86_64-debian-clang 0.1.1 32.34 33.57 65.91 OK
r-devel-linux-x86_64-debian-gcc 0.1.1 28.08 26.54 54.62 OK
r-devel-linux-x86_64-fedora-clang 0.1.1 99.09 NOTE
r-devel-linux-x86_64-fedora-gcc 0.1.1 87.19 NOTE
r-devel-windows-x86_64 0.1.1 44.00 51.00 95.00 OK
r-devel-windows-x86_64-gcc10-UCRT 0.1.1 NOTE
r-patched-linux-x86_64 0.1.1 31.25 32.17 63.42 OK
r-patched-solaris-x86 0.1.1 199.70 NOTE
r-release-linux-x86_64 0.1.1 30.64 33.11 63.75 OK
r-release-macos-arm64 0.1.1 NOTE
r-release-macos-x86_64 0.1.1 NOTE
r-release-windows-ix86+x86_64 0.1.1 38.00 57.00 95.00 OK
r-oldrel-macos-x86_64 0.1.1 NOTE
r-oldrel-windows-ix86+x86_64 0.1.1 46.00 53.00 99.00 OK

Check Details

Version: 0.1.1
Check: dependencies in R code
Result: NOTE
    Namespace in Imports field not imported from: ‘stats’
     All declared Imports should be used.
Flavors: r-devel-linux-x86_64-fedora-clang, r-devel-linux-x86_64-fedora-gcc, r-devel-windows-x86_64-gcc10-UCRT, r-patched-solaris-x86, r-release-macos-arm64, r-release-macos-x86_64, r-oldrel-macos-x86_64