CRAN Package Check Results for Package PakPMICS2014HH

Last updated on 2021-10-20 07:49:55 CEST.

Flavor Version Tinstall Tcheck Ttotal Status Flags
r-devel-linux-x86_64-debian-clang 0.1.0 4.40 28.10 32.50 OK
r-devel-linux-x86_64-debian-gcc 0.1.0 3.26 22.14 25.40 OK
r-devel-linux-x86_64-fedora-clang 0.1.0 52.07 NOTE
r-devel-linux-x86_64-fedora-gcc 0.1.0 39.28 NOTE
r-devel-windows-x86_64 0.1.0 8.00 46.00 54.00 OK
r-devel-windows-x86_64-gcc10-UCRT 0.1.0 NOTE
r-patched-linux-x86_64 0.1.0 4.33 27.28 31.61 OK
r-patched-solaris-x86 0.1.0 64.00 NOTE
r-release-linux-x86_64 0.1.0 4.22 27.54 31.76 OK
r-release-macos-arm64 0.1.0 NOTE
r-release-macos-x86_64 0.1.0 NOTE
r-release-windows-ix86+x86_64 0.1.0 7.00 51.00 58.00 OK
r-oldrel-macos-x86_64 0.1.0 NOTE
r-oldrel-windows-ix86+x86_64 0.1.0 8.00 48.00 56.00 OK

Check Details

Version: 0.1.0
Check: dependencies in R code
Result: NOTE
    Namespace in Imports field not imported from: ‘stats’
     All declared Imports should be used.
Flavors: r-devel-linux-x86_64-fedora-clang, r-devel-linux-x86_64-fedora-gcc, r-devel-windows-x86_64-gcc10-UCRT, r-patched-solaris-x86, r-release-macos-arm64, r-release-macos-x86_64, r-oldrel-macos-x86_64