CRAN Package Check Results for Package PakPMICS2014HH

Last updated on 2021-07-28 07:49:33 CEST.

Flavor Version Tinstall Tcheck Ttotal Status Flags
r-devel-linux-x86_64-debian-clang 0.1.0 OK
r-devel-linux-x86_64-debian-gcc 0.1.0 3.28 23.21 26.49 OK
r-devel-linux-x86_64-fedora-clang 0.1.0 50.96 NOTE
r-devel-linux-x86_64-fedora-gcc 0.1.0 39.35 NOTE
r-devel-windows-x86_64 0.1.0 6.00 47.00 53.00 OK
r-devel-windows-x86_64-gcc10-UCRT 0.1.0 NOTE
r-patched-linux-x86_64 0.1.0 4.05 28.17 32.22 OK
r-patched-solaris-x86 0.1.0 64.80 NOTE
r-release-linux-x86_64 0.1.0 4.01 28.39 32.40 OK
r-release-macos-arm64 0.1.0 NOTE
r-release-macos-x86_64 0.1.0 NOTE
r-release-windows-ix86+x86_64 0.1.0 8.00 41.00 49.00 OK
r-oldrel-macos-x86_64 0.1.0 NOTE
r-oldrel-windows-ix86+x86_64 0.1.0 7.00 45.00 52.00 OK

Check Details

Version: 0.1.0
Check: dependencies in R code
Result: NOTE
    Namespace in Imports field not imported from: ‘stats’
     All declared Imports should be used.
Flavors: r-devel-linux-x86_64-fedora-clang, r-devel-linux-x86_64-fedora-gcc, r-devel-windows-x86_64-gcc10-UCRT, r-patched-solaris-x86, r-release-macos-arm64, r-release-macos-x86_64, r-oldrel-macos-x86_64