CRAN Package Check Results for Package PakPMICS2014Ch

Last updated on 2021-07-28 07:49:33 CEST.

Flavor Version Tinstall Tcheck Ttotal Status Flags
r-devel-linux-x86_64-debian-clang 0.1.0 OK
r-devel-linux-x86_64-debian-gcc 0.1.0 3.88 24.74 28.62 OK
r-devel-linux-x86_64-fedora-clang 0.1.0 54.03 NOTE
r-devel-linux-x86_64-fedora-gcc 0.1.0 42.60 NOTE
r-devel-windows-x86_64 0.1.0 7.00 48.00 55.00 OK
r-devel-windows-x86_64-gcc10-UCRT 0.1.0 NOTE
r-patched-linux-x86_64 0.1.0 4.67 30.12 34.79 OK
r-patched-solaris-x86 0.1.0 66.60 NOTE
r-release-linux-x86_64 0.1.0 4.26 30.20 34.46 OK
r-release-macos-arm64 0.1.0 NOTE
r-release-macos-x86_64 0.1.0 NOTE
r-release-windows-ix86+x86_64 0.1.0 9.00 43.00 52.00 OK
r-oldrel-macos-x86_64 0.1.0 NOTE
r-oldrel-windows-ix86+x86_64 0.1.0 9.00 47.00 56.00 OK

Check Details

Version: 0.1.0
Check: dependencies in R code
Result: NOTE
    Namespace in Imports field not imported from: ‘stats’
     All declared Imports should be used.
Flavors: r-devel-linux-x86_64-fedora-clang, r-devel-linux-x86_64-fedora-gcc, r-devel-windows-x86_64-gcc10-UCRT, r-patched-solaris-x86, r-release-macos-arm64, r-release-macos-x86_64, r-oldrel-macos-x86_64