CRAN Package Check Results for Package PWFSLSmoke

Last updated on 2021-06-24 07:50:22 CEST.

Flavor Version Tinstall Tcheck Ttotal Status Flags
r-devel-linux-x86_64-debian-clang 1.2.111 20.04 192.41 212.45 OK
r-devel-linux-x86_64-debian-gcc 1.2.111 17.68 142.52 160.20 OK
r-devel-linux-x86_64-fedora-clang 1.2.111 263.74 NOTE
r-devel-linux-x86_64-fedora-gcc 1.2.111 248.01 OK
r-devel-windows-x86_64 1.2.111 37.00 318.00 355.00 OK
r-devel-windows-x86_64-gcc10-UCRT 1.2.111 ERROR
r-patched-linux-x86_64 1.2.111 22.45 182.15 204.60 OK
r-patched-solaris-x86 1.2.111 330.70 WARN
r-release-linux-x86_64 1.2.111 22.30 182.39 204.69 OK
r-release-macos-arm64 1.2.111 WARN
r-release-macos-x86_64 1.2.111 WARN
r-release-windows-ix86+x86_64 1.2.111 37.00 243.00 280.00 OK
r-oldrel-macos-x86_64 1.2.111 WARN

Check Details

Version: 1.2.111
Check: package dependencies
Result: NOTE
    Imports includes 30 non-default packages.
    Importing from so many packages makes the package vulnerable to any of
    them becoming unavailable. Move as many as possible to Suggests and
    use conditionally.
Flavor: r-devel-linux-x86_64-fedora-clang

Version: 1.2.111
Check: package dependencies
Result: ERROR
    Packages required but not available:
     'MazamaCoreUtils', 'MazamaSpatialUtils', 'curl', 'ggmap', 'httr'
    
    Package suggested but not available for checking: 'lintr'
    
    See section 'The DESCRIPTION file' in the 'Writing R Extensions'
    manual.
Flavor: r-devel-windows-x86_64-gcc10-UCRT

Version: 1.2.111
Check: re-building of vignette outputs
Result: WARN
    Error(s) in re-building vignettes:
     ...
    --- re-building ‘Data_Model.Rmd’ using rmarkdown
    Warning in engine$weave(file, quiet = quiet, encoding = enc) :
     Pandoc (>= 1.12.3) not available. Falling back to R Markdown v1.
    --- finished re-building ‘Data_Model.Rmd’
    
    --- re-building ‘Example_Save_Data_as_CSV.Rmd’ using rmarkdown
    Warning in engine$weave(file, quiet = quiet, encoding = enc) :
     Pandoc (>= 1.12.3) not available. Falling back to R Markdown v1.
    --- finished re-building ‘Example_Save_Data_as_CSV.Rmd’
    
    --- re-building ‘Maps_and_Timeseries_Plots.Rmd’ using rmarkdown
    Warning in engine$weave(file, quiet = quiet, encoding = enc) :
     Pandoc (>= 1.12.3) not available. Falling back to R Markdown v1.
    Warning in monitor_dailyStatistic(PacNW, FUN = mean, minHours = 20) :
     Found 2 timezones. Only 'America/Los_Angeles' will be used
    --- finished re-building ‘Maps_and_Timeseries_Plots.Rmd’
    
    --- re-building ‘NowCast.Rmd’ using rmarkdown
    Warning in engine$weave(file, quiet = quiet, encoding = enc) :
     Pandoc (>= 1.12.3) not available. Falling back to R Markdown v1.
    --- finished re-building ‘NowCast.Rmd’
    
    --- re-building ‘PWFSLSmoke.Rmd’ using rmarkdown
    Warning in engine$weave(file, quiet = quiet, encoding = enc) :
     Pandoc (>= 1.12.3) not available. Falling back to R Markdown v1.
    Quitting from lines 161-162 (PWFSLSmoke.Rmd)
    Error: processing vignette 'PWFSLSmoke.Rmd' failed with diagnostics:
    there is no package called 'webshot'
    --- failed re-building ‘PWFSLSmoke.Rmd’
    
    SUMMARY: processing the following file failed:
     ‘PWFSLSmoke.Rmd’
    
    Error: Vignette re-building failed.
    Execution halted
Flavor: r-patched-solaris-x86

Version: 1.2.111
Check: re-building of vignette outputs
Result: WARN
    Error(s) in re-building vignettes:
    --- re-building ‘Data_Model.Rmd’ using rmarkdown
    Warning in engine$weave(file, quiet = quiet, encoding = enc) :
     Pandoc (>= 1.12.3) not available. Falling back to R Markdown v1.
    --- finished re-building ‘Data_Model.Rmd’
    
    --- re-building ‘Example_Save_Data_as_CSV.Rmd’ using rmarkdown
    Warning in engine$weave(file, quiet = quiet, encoding = enc) :
     Pandoc (>= 1.12.3) not available. Falling back to R Markdown v1.
    --- finished re-building ‘Example_Save_Data_as_CSV.Rmd’
    
    --- re-building ‘Maps_and_Timeseries_Plots.Rmd’ using rmarkdown
    Warning in engine$weave(file, quiet = quiet, encoding = enc) :
     Pandoc (>= 1.12.3) not available. Falling back to R Markdown v1.
    Warning in monitor_dailyStatistic(PacNW, FUN = mean, minHours = 20) :
     Found 2 timezones. Only 'America/Los_Angeles' will be used
    --- finished re-building ‘Maps_and_Timeseries_Plots.Rmd’
    
    --- re-building ‘NowCast.Rmd’ using rmarkdown
    Warning in engine$weave(file, quiet = quiet, encoding = enc) :
     Pandoc (>= 1.12.3) not available. Falling back to R Markdown v1.
    --- finished re-building ‘NowCast.Rmd’
    
    --- re-building ‘PWFSLSmoke.Rmd’ using rmarkdown
    Warning in engine$weave(file, quiet = quiet, encoding = enc) :
     Pandoc (>= 1.12.3) not available. Falling back to R Markdown v1.
    Quitting from lines 161-162 (PWFSLSmoke.Rmd)
    Error: processing vignette 'PWFSLSmoke.Rmd' failed with diagnostics:
    invalid 'path' argument
    --- failed re-building ‘PWFSLSmoke.Rmd’
    
    SUMMARY: processing the following file failed:
     ‘PWFSLSmoke.Rmd’
    
    Error: Vignette re-building failed.
    Execution halted
Flavors: r-release-macos-arm64, r-release-macos-x86_64

Version: 1.2.111
Check: re-building of vignette outputs
Result: WARN
    Error(s) in re-building vignettes:
    --- re-building ‘Data_Model.Rmd’ using rmarkdown
    Warning in engine$weave(file, quiet = quiet, encoding = enc) :
     Pandoc (>= 1.12.3) and/or pandoc-citeproc not available. Falling back to R Markdown v1.
    --- finished re-building ‘Data_Model.Rmd’
    
    --- re-building ‘Example_Save_Data_as_CSV.Rmd’ using rmarkdown
    Warning in engine$weave(file, quiet = quiet, encoding = enc) :
     Pandoc (>= 1.12.3) and/or pandoc-citeproc not available. Falling back to R Markdown v1.
    --- finished re-building ‘Example_Save_Data_as_CSV.Rmd’
    
    --- re-building ‘Maps_and_Timeseries_Plots.Rmd’ using rmarkdown
    Warning in engine$weave(file, quiet = quiet, encoding = enc) :
     Pandoc (>= 1.12.3) and/or pandoc-citeproc not available. Falling back to R Markdown v1.
    Warning in monitor_dailyStatistic(PacNW, FUN = mean, minHours = 20) :
     Found 2 timezones. Only 'America/Los_Angeles' will be used
    --- finished re-building ‘Maps_and_Timeseries_Plots.Rmd’
    
    --- re-building ‘NowCast.Rmd’ using rmarkdown
    Warning in engine$weave(file, quiet = quiet, encoding = enc) :
     Pandoc (>= 1.12.3) and/or pandoc-citeproc not available. Falling back to R Markdown v1.
    --- finished re-building ‘NowCast.Rmd’
    
    --- re-building ‘PWFSLSmoke.Rmd’ using rmarkdown
    Warning in engine$weave(file, quiet = quiet, encoding = enc) :
     Pandoc (>= 1.12.3) and/or pandoc-citeproc not available. Falling back to R Markdown v1.
    Quitting from lines 161-162 (PWFSLSmoke.Rmd)
    Error: processing vignette 'PWFSLSmoke.Rmd' failed with diagnostics:
    cannot open the connection
    --- failed re-building ‘PWFSLSmoke.Rmd’
    
    SUMMARY: processing the following file failed:
     ‘PWFSLSmoke.Rmd’
    
    Error: Vignette re-building failed.
    Execution halted
Flavor: r-oldrel-macos-x86_64