CRAN Package Check Results for Package PSCBS

Last updated on 2021-10-24 07:57:29 CEST.

Flavor Version Tinstall Tcheck Ttotal Status Flags
r-devel-linux-x86_64-debian-clang 0.65.0 17.90 303.63 321.53 OK
r-devel-linux-x86_64-debian-gcc 0.65.0 12.99 237.01 250.00 OK
r-devel-linux-x86_64-fedora-clang 0.66.0 387.54 OK
r-devel-linux-x86_64-fedora-gcc 0.66.0 440.36 OK
r-devel-windows-x86_64 0.65.0 29.00 426.00 455.00 OK
r-devel-windows-x86_64-gcc10-UCRT 0.65.0 OK
r-patched-linux-x86_64 0.65.0 22.40 306.21 328.61 OK
r-patched-solaris-x86 0.66.0 724.80 OK
r-release-linux-x86_64 0.65.0 18.42 304.33 322.75 OK
r-release-macos-arm64 0.65.0 OK
r-release-macos-x86_64 0.65.0 ERROR
r-release-windows-ix86+x86_64 0.65.0 22.00 419.00 441.00 OK
r-oldrel-macos-x86_64 0.65.0 OK
r-oldrel-windows-ix86+x86_64 0.65.0 32.00 420.00 452.00 OK

Check Details

Version: 0.65.0
Check: running R code from vignettes
Result: ERROR
    Errors in running code in vignettes:
    when running code in ‘CBS.tex.rsp’
     ...
    
    > t0 <- Sys.time()
    
    > R.utils::use("R.utils")
    
    > R.rsp <- R.oo::Package("R.rsp")
    
     When sourcing ‘CBS.R’:
    Error: Package is not installed: R.rsp
    Execution halted
    
     ‘CBS.tex.rsp’... failed
     ‘PairedPSCBS.tex.rsp’... [25s/31s] OK
Flavor: r-release-macos-x86_64