CRAN Package Check Results for Package PReMiuM

Last updated on 2021-07-28 07:49:35 CEST.

Flavor Version Tinstall Tcheck Ttotal Status Flags
r-devel-linux-x86_64-debian-clang 3.2.6 OK
r-devel-linux-x86_64-debian-gcc 3.2.6 80.24 141.57 221.81 OK
r-devel-linux-x86_64-fedora-clang 3.2.6 377.59 NOTE
r-devel-linux-x86_64-fedora-gcc 3.2.6 360.99 OK
r-devel-windows-x86_64 3.2.6 111.00 222.00 333.00 OK
r-devel-windows-x86_64-gcc10-UCRT 3.2.6 OK
r-patched-linux-x86_64 3.2.6 86.07 177.44 263.51 OK
r-patched-solaris-x86 3.2.6 426.20 OK
r-release-linux-x86_64 3.2.6 91.25 180.13 271.38 OK
r-release-macos-arm64 3.2.6 NOTE
r-release-macos-x86_64 3.2.6 NOTE
r-release-windows-ix86+x86_64 3.2.6 203.00 218.00 421.00 OK
r-oldrel-macos-x86_64 3.2.6 NOTE
r-oldrel-windows-ix86+x86_64 3.2.6 143.00 307.00 450.00 OK

Check Details

Version: 3.2.6
Check: installed package size
Result: NOTE
     installed size is 14.9Mb
     sub-directories of 1Mb or more:
     libs 14.5Mb
Flavors: r-devel-linux-x86_64-fedora-clang, r-release-macos-arm64, r-release-macos-x86_64, r-oldrel-macos-x86_64