CRAN Package Check Results for Package PReMiuM

Last updated on 2021-05-06 07:48:26 CEST.

Flavor Version Tinstall Tcheck Ttotal Status Flags
r-devel-linux-x86_64-debian-clang 3.2.6 106.01 185.99 292.00 OK
r-devel-linux-x86_64-debian-gcc 3.2.6 82.94 138.91 221.85 OK
r-devel-linux-x86_64-fedora-clang 3.2.6 377.08 NOTE
r-devel-linux-x86_64-fedora-gcc 3.2.6 367.44 OK
r-devel-windows-ix86+x86_64 3.2.6 201.00 314.00 515.00 OK
r-devel-windows-x86_64-gcc10-UCRT 3.2.6 OK
r-patched-linux-x86_64 3.2.6 91.52 177.18 268.70 OK
r-patched-solaris-x86 3.2.6 418.30 OK
r-release-linux-x86_64 3.2.6 86.36 169.92 256.28 OK
r-release-macos-x86_64 3.2.6 NOTE
r-release-windows-ix86+x86_64 3.2.6 160.00 238.00 398.00 OK
r-oldrel-macos-x86_64 3.2.6 ERROR
r-oldrel-windows-ix86+x86_64 3.2.3 165.00 211.00 376.00 OK

Check Details

Version: 3.2.6
Check: installed package size
Result: NOTE
     installed size is 14.9Mb
     sub-directories of 1Mb or more:
     libs 14.4Mb
Flavors: r-devel-linux-x86_64-fedora-clang, r-release-macos-x86_64

Version: 3.2.6
Check: whether package can be installed
Result: ERROR
    Installation failed.
Flavor: r-oldrel-macos-x86_64