CRAN Package Check Results for Package PMwR

Last updated on 2021-09-20 07:50:52 CEST.

Flavor Version Tinstall Tcheck Ttotal Status Flags
r-devel-linux-x86_64-debian-clang 0.16-0 10.26 121.98 132.24 OK
r-devel-linux-x86_64-debian-gcc 0.16-1 8.97 95.94 104.91 OK
r-devel-linux-x86_64-fedora-clang 0.16-1 174.22 OK
r-devel-linux-x86_64-fedora-gcc 0.16-1 156.06 OK
r-devel-windows-x86_64 0.16-0 12.00 116.00 128.00 OK
r-devel-windows-x86_64-gcc10-UCRT 0.16-0 ERROR
r-patched-linux-x86_64 0.16-0 12.45 121.53 133.98 OK
r-patched-solaris-x86 0.16-1 180.30 OK
r-release-linux-x86_64 0.16-0 10.14 122.01 132.15 OK
r-release-macos-arm64 0.16-0 ERROR
r-release-macos-x86_64 0.16-0 OK
r-release-windows-ix86+x86_64 0.16-0 19.00 147.00 166.00 OK
r-oldrel-macos-x86_64 0.16-0 OK
r-oldrel-windows-ix86+x86_64 0.16-0 19.00 112.00 131.00 OK

Check Details

Version: 0.16-0
Check: whether package can be installed
Result: WARN
    Found the following significant warnings:
     WARNING: installation-time patches will not be applied, could not get the patches index
Flavor: r-devel-windows-x86_64-gcc10-UCRT

Version: 0.16-0
Check: PDF version of manual
Result: WARN
    LaTeX errors when creating PDF version.
    This typically indicates Rd problems.
Flavor: r-devel-windows-x86_64-gcc10-UCRT

Version: 0.16-0
Check: PDF version of manual without hyperrefs or index
Result: ERROR
    Re-running with no redirection of stdout/stderr.
Flavor: r-devel-windows-x86_64-gcc10-UCRT

Version: 0.16-0
Check: tests
Result: ERROR
     Running ‘tinytest.R’ [1s/1s]
    Running the tests in ‘tests/tinytest.R’ failed.
    Last 13 lines of output:
     test_valuation.R.............. 12 tests <1b>[0;32mOK<1b>[0m
     test_valuation.R.............. 13 tests <1b>[0;32mOK<1b>[0m <1b>[0;36m7ms<1b>[0m
     ----- FAILED[data]: test_position.R<49--49>
     call| expect_equal(as.numeric(res), 2:3)
     diff| Numeric: lengths (2, 3) differ
     ----- FAILED[data]: test_position.R<55--55>
     call| expect_equal(as.numeric(res), 0:1)
     diff| Numeric: lengths (2, 3) differ
     Error: 2 out of 679 tests failed
     In addition: Warning messages:
     1: In pReturns(x, t, period, complete.first, pad = pad) :
     max. timestamp (2015) does not match current year
     2: In pReturns(x, t, period, complete.first, pad = pad) :
     max. timestamp (2015) does not match current year
     Execution halted
Flavor: r-release-macos-arm64