CRAN Package Check Results for Package OpenSpecy

Last updated on 2021-07-31 07:50:51 CEST.

Flavor Version Tinstall Tcheck Ttotal Status Flags
r-devel-linux-x86_64-debian-clang 0.9.2 10.60 91.03 101.63 OK
r-devel-linux-x86_64-debian-gcc 0.9.2 8.10 71.32 79.42 OK
r-devel-linux-x86_64-fedora-clang 0.9.2 128.97 OK
r-devel-linux-x86_64-fedora-gcc 0.9.2 117.72 OK
r-devel-windows-x86_64 0.9.2 24.00 127.00 151.00 OK
r-devel-windows-x86_64-gcc10-UCRT 0.9.2 OK
r-patched-linux-x86_64 0.9.2 OK
r-patched-solaris-x86 0.9.2 178.50 OK
r-release-linux-x86_64 0.9.2 9.54 85.53 95.07 OK
r-release-macos-arm64 0.9.2 WARN
r-release-macos-x86_64 0.9.2 OK
r-release-windows-ix86+x86_64 0.9.2 22.00 121.00 143.00 OK
r-oldrel-macos-x86_64 0.9.2 OK
r-oldrel-windows-ix86+x86_64 0.9.2 42.00 127.00 169.00 OK

Check Details

Version: 0.9.2
Check: re-building of vignette outputs
Result: WARN
    Error(s) in re-building vignettes:
     ...
    --- re-building ‘sop.Rmd’ using rmarkdown
    Warning in engine$weave(file, quiet = quiet, encoding = enc) :
     Pandoc (>= 1.12.3) not available. Falling back to R Markdown v1.
    Quitting from lines 304-316 (sop.Rmd)
    Error: processing vignette 'sop.Rmd' failed with diagnostics:
    polygon edge not found
    --- failed re-building ‘sop.Rmd’
    
    SUMMARY: processing the following file failed:
     ‘sop.Rmd’
    
    Error: Vignette re-building failed.
    Execution halted
Flavor: r-release-macos-arm64