CRAN Package Check Results for Package OSCV

Last updated on 2021-09-28 07:48:35 CEST.

Flavor Version Tinstall Tcheck Ttotal Status Flags
r-devel-linux-x86_64-debian-clang 1.0 3.82 28.65 32.47 NOTE
r-devel-linux-x86_64-debian-gcc 1.0 3.36 22.45 25.81 NOTE
r-devel-linux-x86_64-fedora-clang 1.0 48.94 NOTE
r-devel-linux-x86_64-fedora-gcc 1.0 38.40 NOTE
r-devel-windows-x86_64 1.0 6.00 36.00 42.00 NOTE
r-devel-windows-x86_64-gcc10-UCRT 1.0 NOTE
r-patched-linux-x86_64 1.0 4.28 27.79 32.07 NOTE
r-patched-solaris-x86 1.0 54.80 NOTE
r-release-linux-x86_64 1.0 3.75 27.93 31.68 NOTE
r-release-macos-arm64 1.0 NOTE
r-release-macos-x86_64 1.0 NOTE
r-release-windows-ix86+x86_64 1.0 7.00 44.00 51.00 NOTE
r-oldrel-macos-x86_64 1.0 OK
r-oldrel-windows-ix86+x86_64 1.0 7.00 36.00 43.00 OK

Check Details

Version: 1.0
Check: LazyData
Result: NOTE
     'LazyData' is specified without a 'data' directory
Flavors: r-devel-linux-x86_64-debian-clang, r-devel-linux-x86_64-debian-gcc, r-devel-linux-x86_64-fedora-clang, r-devel-linux-x86_64-fedora-gcc, r-devel-windows-x86_64, r-devel-windows-x86_64-gcc10-UCRT, r-patched-linux-x86_64, r-patched-solaris-x86, r-release-linux-x86_64, r-release-macos-arm64, r-release-macos-x86_64, r-release-windows-ix86+x86_64