CRAN Package Check Results for Package OAIHarvester

Last updated on 2022-01-17 07:49:40 CET.

Flavor Version Tinstall Tcheck Ttotal Status Flags
r-devel-linux-x86_64-debian-clang 0.3-3 2.23 41.35 43.58 OK
r-devel-linux-x86_64-debian-gcc 0.3-3 1.83 32.57 34.40 OK
r-devel-linux-x86_64-fedora-clang 0.3-3 55.88 OK
r-devel-linux-x86_64-fedora-gcc 0.3-3 46.71 OK
r-devel-windows-x86_64-new-UL 0.3-3 67.00 95.00 162.00 OK
r-devel-windows-x86_64-new-TK 0.3-3 ERROR
r-patched-linux-x86_64 0.3-3 1.72 40.04 41.76 OK
r-release-linux-x86_64 0.3-3 OK
r-release-macos-arm64 0.3-3 OK
r-release-macos-x86_64 0.3-3 OK
r-release-windows-ix86+x86_64 0.3-3 5.00 75.00 80.00 OK
r-oldrel-macos-x86_64 0.3-3 OK
r-oldrel-windows-ix86+x86_64 0.3-3 5.00 79.00 84.00 OK

Check Details

Version: 0.3-3
Check: running R code from vignettes
Result: ERROR
    Errors in running code in vignettes:
    when running code in 'oaih.Rnw'
    
    > library("OAIHarvester")
    
    > baseurl <- "https://epub.wu.ac.at/cgi/oai2"
    
    > if (inherits(tryCatch(oaih_identify(baseurl), error = identity),
    + "error")) q()
    > proc.time()
     user system elapsed
     0.40 0.10 10.48
    
    ... incomplete output. Crash?
    
     'oaih.Rnw' using 'UTF-8'... failed to complete the test
Flavor: r-devel-windows-x86_64-new-TK