CRAN Package Check Results for Package NlinTS

Last updated on 2021-09-24 07:49:24 CEST.

Flavor Version Tinstall Tcheck Ttotal Status Flags
r-devel-linux-x86_64-debian-clang 1.4.5 142.25 50.47 192.72 OK
r-devel-linux-x86_64-debian-gcc 1.4.5 93.01 40.03 133.04 OK
r-devel-linux-x86_64-fedora-clang 1.4.5 288.45 NOTE
r-devel-linux-x86_64-fedora-gcc 1.4.5 242.98 OK
r-devel-windows-x86_64 1.4.5 120.00 62.00 182.00 OK
r-devel-windows-x86_64-gcc10-UCRT 1.4.5 OK
r-patched-linux-x86_64 1.4.5 113.66 49.41 163.07 OK
r-patched-solaris-x86 1.4.5 228.30 OK
r-release-linux-x86_64 1.4.5 111.79 49.08 160.87 OK
r-release-macos-arm64 1.4.5 NOTE
r-release-macos-x86_64 1.4.5 NOTE
r-release-windows-ix86+x86_64 1.4.5 317.00 108.00 425.00 OK
r-oldrel-macos-x86_64 1.4.5 NOTE
r-oldrel-windows-ix86+x86_64 1.4.5 257.00 82.00 339.00 OK

Check Details

Version: 1.4.5
Check: installed package size
Result: NOTE
     installed size is 7.6Mb
     sub-directories of 1Mb or more:
     libs 7.4Mb
Flavors: r-devel-linux-x86_64-fedora-clang, r-release-macos-arm64, r-release-macos-x86_64, r-oldrel-macos-x86_64