CRAN Package Check Results for Package NetworkChange

Last updated on 2021-06-25 08:50:07 CEST.

Flavor Version Tinstall Tcheck Ttotal Status Flags
r-devel-linux-x86_64-debian-clang 0.7 22.37 176.20 198.57 OK --no-vignettes
r-devel-linux-x86_64-debian-gcc 0.7 20.11 126.92 147.03 OK --no-vignettes
r-devel-linux-x86_64-fedora-clang 0.7 1405.83 NOTE
r-devel-linux-x86_64-fedora-gcc 0.7 1667.32 NOTE
r-devel-windows-x86_64 0.7 36.00 1428.00 1464.00 OK
r-devel-windows-x86_64-gcc10-UCRT 0.7 NOTE
r-patched-linux-x86_64 0.7 21.67 159.40 181.07 OK --no-vignettes
r-patched-solaris-x86 0.7 1759.60 NOTE
r-release-linux-x86_64 0.7 20.98 161.28 182.26 OK --no-vignettes
r-release-macos-arm64 0.7 NOTE
r-release-macos-x86_64 0.7 NOTE
r-release-windows-ix86+x86_64 0.7 37.00 1210.00 1247.00 OK
r-oldrel-macos-x86_64 0.7 NOTE
r-oldrel-windows-ix86+x86_64 0.7 51.00 1192.00 1243.00 OK

Check Details

Version: 0.7
Check: dependencies in R code
Result: NOTE
    Namespace in Imports field not imported from: ‘sna’
     All declared Imports should be used.
Flavors: r-devel-linux-x86_64-fedora-clang, r-devel-linux-x86_64-fedora-gcc, r-devel-windows-x86_64-gcc10-UCRT, r-patched-solaris-x86, r-release-macos-arm64, r-release-macos-x86_64, r-oldrel-macos-x86_64

Version: 0.7
Check: installed package size
Result: NOTE
     installed size is 5.0Mb
     sub-directories of 1Mb or more:
     doc 4.5Mb
Flavor: r-patched-solaris-x86