CRAN Package Check Results for Package NetworkChange

Last updated on 2021-09-26 07:50:14 CEST.

Flavor Version Tinstall Tcheck Ttotal Status Flags
r-devel-linux-x86_64-debian-clang 0.7 25.18 170.36 195.54 OK --no-vignettes
r-devel-linux-x86_64-debian-gcc 0.7 18.61 127.77 146.38 OK --no-vignettes
r-devel-linux-x86_64-fedora-clang 0.7 1477.61 NOTE
r-devel-linux-x86_64-fedora-gcc 0.7 1511.86 NOTE
r-devel-windows-x86_64 0.7 28.00 1075.00 1103.00 OK
r-devel-windows-x86_64-gcc10-UCRT 0.7 NOTE --no-vignettes
r-patched-linux-x86_64 0.7 20.89 161.94 182.83 OK --no-vignettes
r-patched-solaris-x86 0.7 326.20 NOTE
r-release-linux-x86_64 0.7 21.80 160.30 182.10 OK --no-vignettes
r-release-macos-arm64 0.7 NOTE
r-release-macos-x86_64 0.7 NOTE
r-release-windows-ix86+x86_64 0.7 55.00 1425.00 1480.00 OK
r-oldrel-macos-x86_64 0.7 NOTE
r-oldrel-windows-ix86+x86_64 0.7 34.00 1076.00 1110.00 OK

Check Details

Version: 0.7
Check: dependencies in R code
Result: NOTE
    Namespace in Imports field not imported from: ‘sna’
     All declared Imports should be used.
Flavors: r-devel-linux-x86_64-fedora-clang, r-devel-linux-x86_64-fedora-gcc, r-patched-solaris-x86, r-release-macos-arm64, r-release-macos-x86_64, r-oldrel-macos-x86_64

Version: 0.7
Flags: --no-vignettes
Check: dependencies in R code
Result: NOTE
    Namespace in Imports field not imported from: 'sna'
     All declared Imports should be used.
Flavor: r-devel-windows-x86_64-gcc10-UCRT

Version: 0.7
Check: installed package size
Result: NOTE
     installed size is 5.0Mb
     sub-directories of 1Mb or more:
     doc 4.5Mb
Flavor: r-patched-solaris-x86