CRAN Package Check Results for Package NetSci

Last updated on 2021-09-28 07:48:34 CEST.

Flavor Version Tinstall Tcheck Ttotal Status Flags
r-devel-linux-x86_64-debian-clang 0.1.1 5.82 76.41 82.23 OK
r-devel-linux-x86_64-debian-gcc 0.1.1 4.56 55.13 59.69 OK
r-devel-linux-x86_64-fedora-clang 0.1.1 104.22 NOTE
r-devel-linux-x86_64-fedora-gcc 0.1.1 91.16 NOTE
r-devel-windows-x86_64 0.1.1 8.00 75.00 83.00 OK
r-devel-windows-x86_64-gcc10-UCRT 0.1.1 NOTE
r-patched-linux-x86_64 0.1.1 5.32 70.35 75.67 OK
r-patched-solaris-x86 0.1.1 129.80 NOTE
r-release-linux-x86_64 0.1.1 4.99 69.90 74.89 OK
r-release-macos-arm64 0.1.1 ERROR
r-release-macos-x86_64 0.1.1 ERROR
r-release-windows-ix86+x86_64 0.1.1 14.00 99.00 113.00 OK
r-oldrel-macos-x86_64 0.1.1 ERROR
r-oldrel-windows-ix86+x86_64 0.1.1 10.00 72.00 82.00 OK

Check Details

Version: 0.1.1
Check: dependencies in R code
Result: NOTE
    Namespace in Imports field not imported from: ‘CoDiNA’
     All declared Imports should be used.
Flavors: r-devel-linux-x86_64-fedora-clang, r-devel-linux-x86_64-fedora-gcc, r-devel-windows-x86_64-gcc10-UCRT, r-patched-solaris-x86

Version: 0.1.1
Check: package dependencies
Result: ERROR
    Package required but not available: ‘BiRewire’
    
    See section ‘The DESCRIPTION file’ in the ‘Writing R Extensions’
    manual.
Flavors: r-release-macos-arm64, r-release-macos-x86_64, r-oldrel-macos-x86_64