CRAN Package Check Results for Package NPflow

Last updated on 2021-08-03 07:54:34 CEST.

Flavor Version Tinstall Tcheck Ttotal Status Flags
r-devel-linux-x86_64-debian-clang 0.13.3 292.76 127.94 420.70 OK
r-devel-linux-x86_64-debian-gcc 0.13.3 192.45 92.41 284.86 OK
r-devel-linux-x86_64-fedora-clang 0.13.3 577.85 NOTE
r-devel-linux-x86_64-fedora-gcc 0.13.3 517.92 OK
r-devel-windows-x86_64 0.13.3 257.00 180.00 437.00 OK
r-devel-windows-x86_64-gcc10-UCRT 0.13.3 OK
r-patched-linux-x86_64 0.13.3 227.51 117.34 344.85 OK
r-patched-solaris-x86 0.13.3 470.10 OK
r-release-linux-x86_64 0.13.3 224.05 118.98 343.03 OK
r-release-macos-arm64 0.13.3 NOTE
r-release-macos-x86_64 0.13.3 NOTE
r-release-windows-ix86+x86_64 0.13.3 660.00 181.00 841.00 OK
r-oldrel-macos-x86_64 0.13.3 NOTE
r-oldrel-windows-ix86+x86_64 0.13.3 482.00 241.00 723.00 OK

Check Details

Version: 0.13.3
Check: installed package size
Result: NOTE
     installed size is 8.8Mb
     sub-directories of 1Mb or more:
     libs 8.1Mb
Flavors: r-devel-linux-x86_64-fedora-clang, r-release-macos-arm64, r-release-macos-x86_64, r-oldrel-macos-x86_64