CRAN Package Check Results for Package NFP

Last updated on 2021-06-15 08:50:02 CEST.

Flavor Version Tinstall Tcheck Ttotal Status Flags
r-devel-linux-x86_64-debian-clang 0.99.4 71.46 227.01 298.47 NOTE
r-devel-linux-x86_64-debian-gcc 0.99.4 68.37 172.36 240.73 NOTE
r-devel-linux-x86_64-fedora-clang 0.99.4 404.84 NOTE
r-devel-linux-x86_64-fedora-gcc 0.99.4 377.95 NOTE
r-devel-windows-x86_64 0.99.4 108.00 269.00 377.00 NOTE
r-devel-windows-x86_64-gcc10-UCRT 0.99.4 NOTE
r-patched-linux-x86_64 0.99.4 66.69 212.56 279.25 NOTE
r-patched-solaris-x86 0.99.4 708.50 NOTE
r-release-linux-x86_64 0.99.4 64.49 213.22 277.71 NOTE
r-release-macos-arm64 0.99.4 ERROR
r-release-macos-x86_64 0.99.4 ERROR
r-release-windows-ix86+x86_64 0.99.4 119.00 261.00 380.00 NOTE
r-oldrel-macos-x86_64 0.99.4 ERROR
r-oldrel-windows-ix86+x86_64 0.99.4 122.00 262.00 384.00 NOTE

Check Details

Version: 0.99.4
Check: package dependencies
Result: NOTE
    Package suggested but not available for checking: 'NFPdata'
Flavors: r-devel-linux-x86_64-debian-clang, r-devel-linux-x86_64-debian-gcc, r-devel-linux-x86_64-fedora-clang, r-devel-linux-x86_64-fedora-gcc, r-devel-windows-x86_64, r-devel-windows-x86_64-gcc10-UCRT, r-patched-linux-x86_64, r-patched-solaris-x86, r-release-linux-x86_64, r-release-windows-ix86+x86_64, r-oldrel-windows-ix86+x86_64

Version: 0.99.4
Check: package dependencies
Result: ERROR
    Package required but not available: ‘KEGGgraph’
    
    Packages suggested but not available for checking: 'graphite', 'NFPdata'
    
    See section ‘The DESCRIPTION file’ in the ‘Writing R Extensions’
    manual.
Flavor: r-release-macos-arm64

Version: 0.99.4
Check: package dependencies
Result: ERROR
    Package required but not available: ‘KEGGgraph’
    
    Package suggested but not available for checking: ‘NFPdata’
    
    See section ‘The DESCRIPTION file’ in the ‘Writing R Extensions’
    manual.
Flavors: r-release-macos-x86_64, r-oldrel-macos-x86_64