CRAN Package Check Results for Package NFLSimulatoR

Last updated on 2021-07-27 07:50:34 CEST.

Flavor Version Tinstall Tcheck Ttotal Status Flags
r-devel-linux-x86_64-debian-clang 0.3.0 3.27 58.56 61.83 NOTE
r-devel-linux-x86_64-debian-gcc 0.3.0 3.07 46.66 49.73 NOTE
r-devel-linux-x86_64-fedora-clang 0.3.0 84.49 NOTE
r-devel-linux-x86_64-fedora-gcc 0.3.0 72.28 NOTE
r-devel-windows-x86_64 0.3.0 7.00 81.00 88.00 NOTE
r-devel-windows-x86_64-gcc10-UCRT 0.3.0 NOTE
r-patched-linux-x86_64 0.3.0 3.07 55.18 58.25 NOTE
r-patched-solaris-x86 0.3.0 111.90 NOTE
r-release-linux-x86_64 0.3.0 3.71 55.47 59.18 NOTE
r-release-macos-arm64 0.3.0 NOTE
r-release-macos-x86_64 0.3.0 NOTE
r-release-windows-ix86+x86_64 0.3.0 8.00 209.00 217.00 NOTE
r-oldrel-macos-x86_64 0.3.0 OK
r-oldrel-windows-ix86+x86_64 0.3.0 5.00 271.00 276.00 OK

Check Details

Version: 0.3.0
Check: LazyData
Result: NOTE
     'LazyData' is specified without a 'data' directory
Flavors: r-devel-linux-x86_64-debian-clang, r-devel-linux-x86_64-debian-gcc, r-devel-linux-x86_64-fedora-clang, r-devel-linux-x86_64-fedora-gcc, r-devel-windows-x86_64, r-devel-windows-x86_64-gcc10-UCRT, r-patched-linux-x86_64, r-patched-solaris-x86, r-release-linux-x86_64, r-release-macos-arm64, r-release-macos-x86_64, r-release-windows-ix86+x86_64