CRAN Package Check Results for Package MsdeParEst

Last updated on 2021-07-24 07:49:32 CEST.

Flavor Version Tinstall Tcheck Ttotal Status Flags
r-devel-linux-x86_64-debian-clang 1.7 11.75 96.28 108.03 OK
r-devel-linux-x86_64-debian-gcc 1.7 10.69 72.63 83.32 OK
r-devel-linux-x86_64-fedora-clang 1.7 140.02 NOTE
r-devel-linux-x86_64-fedora-gcc 1.7 138.03 NOTE
r-devel-windows-x86_64 1.7 15.00 91.00 106.00 OK
r-devel-windows-x86_64-gcc10-UCRT 1.7 NOTE
r-patched-linux-x86_64 1.7 12.00 91.30 103.30 OK
r-patched-solaris-x86 1.7 185.20 NOTE
r-release-linux-x86_64 1.7 10.89 90.86 101.75 OK
r-release-macos-arm64 1.7 NOTE
r-release-macos-x86_64 1.7 NOTE
r-release-windows-ix86+x86_64 1.7 25.00 87.00 112.00 OK
r-oldrel-macos-x86_64 1.7 NOTE
r-oldrel-windows-ix86+x86_64 1.7 26.00 112.00 138.00 OK

Check Details

Version: 1.7
Check: dependencies in R code
Result: NOTE
    Namespaces in Imports field not imported from:
     ‘MASS’ ‘moments’ ‘mvtnorm’
     All declared Imports should be used.
Flavors: r-devel-linux-x86_64-fedora-clang, r-devel-linux-x86_64-fedora-gcc, r-devel-windows-x86_64-gcc10-UCRT, r-patched-solaris-x86, r-release-macos-arm64, r-release-macos-x86_64, r-oldrel-macos-x86_64