CRAN Package Check Results for Package Morpho

Last updated on 2021-06-24 07:50:18 CEST.

Flavor Version Tinstall Tcheck Ttotal Status Flags
r-devel-linux-x86_64-debian-clang 2.8 272.23 186.39 458.62 OK
r-devel-linux-x86_64-debian-gcc 2.8 183.07 141.42 324.49 OK
r-devel-linux-x86_64-fedora-clang 2.8 625.90 NOTE
r-devel-linux-x86_64-fedora-gcc 2.8 590.10 OK
r-devel-windows-x86_64 2.8 332.00 228.00 560.00 NOTE
r-devel-windows-x86_64-gcc10-UCRT 2.8 NOTE
r-patched-linux-x86_64 2.8 229.20 177.06 406.26 OK
r-patched-solaris-x86 2.8 574.30 OK
r-release-linux-x86_64 2.8 223.74 174.38 398.12 OK
r-release-macos-arm64 2.8 NOTE
r-release-macos-x86_64 2.8 NOTE
r-release-windows-ix86+x86_64 2.8 466.00 260.00 726.00 NOTE
r-oldrel-macos-x86_64 2.8 NOTE

Check Details

Version: 2.8
Check: installed package size
Result: NOTE
     installed size is 11.7Mb
     sub-directories of 1Mb or more:
     data 2.0Mb
     libs 8.1Mb
Flavors: r-devel-linux-x86_64-fedora-clang, r-devel-windows-x86_64, r-release-macos-arm64, r-release-macos-x86_64, r-release-windows-ix86+x86_64, r-oldrel-macos-x86_64

Version: 2.8
Check: package dependencies
Result: NOTE
    Package suggested but not available for checking: 'car'
Flavor: r-devel-windows-x86_64-gcc10-UCRT