CRAN Package Check Results for Package MomTrunc

Last updated on 2021-05-08 07:48:14 CEST.

Flavor Version Tinstall Tcheck Ttotal Status Flags
r-devel-linux-x86_64-debian-clang 5.97 69.69 81.13 150.82 OK
r-devel-linux-x86_64-debian-gcc 5.97 53.86 60.06 113.92 OK
r-devel-linux-x86_64-fedora-clang 5.97 212.54 NOTE
r-devel-linux-x86_64-fedora-gcc 5.97 205.58 OK
r-devel-windows-ix86+x86_64 5.97 109.00 15.00 124.00 ERROR
r-devel-windows-x86_64-gcc10-UCRT 5.97 OK
r-patched-linux-x86_64 5.97 62.91 79.15 142.06 OK
r-patched-solaris-x86 5.97 189.90 OK
r-release-linux-x86_64 5.97 58.55 74.00 132.55 OK
r-release-macos-x86_64 5.97 NOTE
r-release-windows-ix86+x86_64 5.97 111.00 98.00 209.00 OK
r-oldrel-macos-x86_64 5.97 NOTE
r-oldrel-windows-ix86+x86_64 5.97 135.00 92.00 227.00 OK

Check Details

Version: 5.97
Check: installed package size
Result: NOTE
     installed size is 6.1Mb
     sub-directories of 1Mb or more:
     libs 5.6Mb
Flavors: r-devel-linux-x86_64-fedora-clang, r-release-macos-x86_64, r-oldrel-macos-x86_64

Version: 5.97
Check: whether package can be installed
Result: ERROR
    Installation failed.
Flavor: r-devel-windows-ix86+x86_64