CRAN Package Check Results for Package MomTrunc

Last updated on 2021-07-28 07:49:31 CEST.

Flavor Version Tinstall Tcheck Ttotal Status Flags
r-devel-linux-x86_64-debian-clang 5.97 OK
r-devel-linux-x86_64-debian-gcc 5.97 54.91 60.65 115.56 OK
r-devel-linux-x86_64-fedora-clang 5.97 214.39 NOTE
r-devel-linux-x86_64-fedora-gcc 5.97 193.33 OK
r-devel-windows-x86_64 5.97 87.00 126.00 213.00 OK
r-devel-windows-x86_64-gcc10-UCRT 5.97 OK
r-patched-linux-x86_64 5.97 65.61 79.26 144.87 OK
r-patched-solaris-x86 5.97 194.50 OK
r-release-linux-x86_64 5.97 58.83 78.41 137.24 OK
r-release-macos-arm64 5.97 NOTE
r-release-macos-x86_64 5.97 NOTE
r-release-windows-ix86+x86_64 5.97 154.00 132.00 286.00 OK
r-oldrel-macos-x86_64 5.97 NOTE
r-oldrel-windows-ix86+x86_64 5.97 105.00 131.00 236.00 OK

Check Details

Version: 5.97
Check: installed package size
Result: NOTE
     installed size is 6.2Mb
     sub-directories of 1Mb or more:
     libs 5.6Mb
Flavors: r-devel-linux-x86_64-fedora-clang, r-release-macos-arm64, r-release-macos-x86_64, r-oldrel-macos-x86_64