CRAN Package Check Results for Package MolgenisAuth

Last updated on 2021-05-11 07:47:56 CEST.

Flavor Version Tinstall Tcheck Ttotal Status Flags
r-devel-linux-x86_64-debian-clang 0.0.14 2.63 28.74 31.37 NOTE
r-devel-linux-x86_64-debian-gcc 0.0.14 2.02 23.56 25.58 NOTE
r-devel-linux-x86_64-fedora-clang 0.0.14 48.95 NOTE
r-devel-linux-x86_64-fedora-gcc 0.0.14 46.47 NOTE
r-devel-windows-ix86+x86_64 0.0.14 5.00 47.00 52.00 NOTE
r-devel-windows-x86_64-gcc10-UCRT 0.0.14 NOTE
r-patched-linux-x86_64 0.0.14 5.78 28.74 34.52 NOTE
r-patched-solaris-x86 0.0.14 59.30 NOTE
r-release-linux-x86_64 0.0.14 2.55 27.92 30.47 OK
r-release-macos-x86_64 0.0.14 OK
r-release-windows-ix86+x86_64 0.0.14 5.00 34.00 39.00 OK
r-oldrel-macos-x86_64 0.0.14 OK
r-oldrel-windows-ix86+x86_64 0.0.14 6.00 49.00 55.00 OK

Check Details

Version: 0.0.14
Check: LazyData
Result: NOTE
     'LazyData' is specified without a 'data' directory
Flavors: r-devel-linux-x86_64-debian-clang, r-devel-linux-x86_64-debian-gcc, r-devel-linux-x86_64-fedora-clang, r-devel-linux-x86_64-fedora-gcc, r-devel-windows-ix86+x86_64, r-devel-windows-x86_64-gcc10-UCRT, r-patched-linux-x86_64, r-patched-solaris-x86