CRAN Package Check Results for Package MoMPCA

Last updated on 2021-07-28 07:49:31 CEST.

Flavor Version Tinstall Tcheck Ttotal Status Flags
r-devel-linux-x86_64-debian-clang 1.0.1 OK
r-devel-linux-x86_64-debian-gcc 1.0.1 4.63 44.64 49.27 OK
r-devel-linux-x86_64-fedora-clang 1.0.1 87.03 NOTE
r-devel-linux-x86_64-fedora-gcc 1.0.1 76.16 NOTE
r-devel-windows-x86_64 1.0.1 13.00 284.00 297.00 OK
r-devel-windows-x86_64-gcc10-UCRT 1.0.1 NOTE
r-patched-linux-x86_64 1.0.1 9.20 55.82 65.02 OK
r-patched-solaris-x86 1.0.1 851.40 NOTE
r-release-linux-x86_64 1.0.1 6.17 55.67 61.84 OK
r-release-macos-arm64 1.0.1 WARN
r-release-macos-x86_64 1.0.1 NOTE
r-release-windows-ix86+x86_64 1.0.1 15.00 238.00 253.00 OK
r-oldrel-macos-x86_64 1.0.1 NOTE
r-oldrel-windows-ix86+x86_64 1.0.1 11.00 278.00 289.00 OK

Check Details

Version: 1.0.1
Check: data for non-ASCII characters
Result: NOTE
     Note: found 16 marked UTF-8 strings
Flavors: r-devel-linux-x86_64-fedora-clang, r-devel-linux-x86_64-fedora-gcc, r-devel-windows-x86_64-gcc10-UCRT, r-patched-solaris-x86, r-release-macos-arm64, r-release-macos-x86_64, r-oldrel-macos-x86_64

Version: 1.0.1
Check: re-building of vignette outputs
Result: WARN
    Error(s) in re-building vignettes:
     ...
    --- re-building ‘MoMPCA.Rmd’ using knitr
    Quitting from lines 77-79 (MoMPCA.Rmd)
    Error: processing vignette 'MoMPCA.Rmd' failed with diagnostics:
    polygon edge not found
    --- failed re-building ‘MoMPCA.Rmd’
    
    SUMMARY: processing the following file failed:
     ‘MoMPCA.Rmd’
    
    Error: Vignette re-building failed.
    Execution halted
Flavor: r-release-macos-arm64