CRAN Package Check Results for Package MetaStan

Last updated on 2021-07-25 07:50:08 CEST.

Flavor Version Tinstall Tcheck Ttotal Status Flags
r-devel-linux-x86_64-debian-clang 0.2.0 876.83 152.80 1029.63 NOTE
r-devel-linux-x86_64-debian-gcc 0.2.0 742.53 149.74 892.27 NOTE
r-devel-linux-x86_64-fedora-clang 0.2.0 1466.70 NOTE
r-devel-linux-x86_64-fedora-gcc 0.2.0 1625.50 NOTE
r-devel-windows-x86_64 0.2.0 680.00 188.00 868.00 NOTE
r-devel-windows-x86_64-gcc10-UCRT 0.2.0 NOTE
r-patched-linux-x86_64 0.2.0 821.08 187.84 1008.92 NOTE
r-patched-solaris-x86 0.2.0 1349.40 NOTE
r-release-linux-x86_64 0.2.0 846.39 187.37 1033.76 NOTE
r-release-macos-arm64 0.2.0 NOTE
r-release-macos-x86_64 0.2.0 NOTE
r-release-windows-ix86+x86_64 0.2.0 1891.00 255.00 2146.00 NOTE
r-oldrel-macos-x86_64 0.2.0 NOTE
r-oldrel-windows-ix86+x86_64 0.2.0 1953.00 335.00 2288.00 NOTE

Check Details

Version: 0.2.0
Check: for GNU extensions in Makefiles
Result: NOTE
    GNU make is a SystemRequirements.
Flavors: r-devel-linux-x86_64-debian-clang, r-devel-linux-x86_64-debian-gcc, r-devel-linux-x86_64-fedora-clang, r-devel-linux-x86_64-fedora-gcc, r-devel-windows-x86_64, r-devel-windows-x86_64-gcc10-UCRT, r-patched-linux-x86_64, r-patched-solaris-x86, r-release-linux-x86_64, r-release-macos-arm64, r-release-macos-x86_64, r-release-windows-ix86+x86_64, r-oldrel-macos-x86_64, r-oldrel-windows-ix86+x86_64

Version: 0.2.0
Check: installed package size
Result: NOTE
     installed size is 110.5Mb
     sub-directories of 1Mb or more:
     libs 110.1Mb
Flavors: r-devel-linux-x86_64-fedora-clang, r-devel-windows-x86_64, r-patched-solaris-x86, r-release-macos-arm64, r-release-macos-x86_64, r-release-windows-ix86+x86_64, r-oldrel-macos-x86_64, r-oldrel-windows-ix86+x86_64

Version: 0.2.0
Check: line endings in C/C++/Fortran sources/headers
Result: NOTE
    Found the following sources/headers with CR or CRLF line endings:
     src/stan_files/AB_Emax.hpp
     src/stan_files/BNHM_Higgins.hpp
     src/stan_files/BNHM_Smith.hpp
     src/stan_files/Baseline_Emax.hpp
     src/stan_files/Beta_binomial.hpp
     src/stan_files/CBPlusBaseline_Emax.hpp
     src/stan_files/CB_Emax.hpp
     src/stan_files/Fix_Eff.hpp
    Some Unix compilers require LF line endings.
Flavor: r-devel-windows-x86_64-gcc10-UCRT