CRAN Package Check Results for Package MetaComp

Last updated on 2021-08-04 07:49:42 CEST.

Flavor Version Tinstall Tcheck Ttotal Status Flags
r-devel-linux-x86_64-debian-clang 1.1.2 6.31 70.57 76.88 NOTE
r-devel-linux-x86_64-debian-gcc 1.1.2 3.98 50.14 54.12 NOTE
r-devel-linux-x86_64-fedora-clang 1.1.2 95.43 NOTE
r-devel-linux-x86_64-fedora-gcc 1.1.2 81.70 NOTE
r-devel-windows-x86_64 1.1.2 7.00 89.00 96.00 NOTE
r-devel-windows-x86_64-gcc10-UCRT 1.1.2 NOTE
r-patched-linux-x86_64 1.1.2 6.57 62.79 69.36 NOTE
r-patched-solaris-x86 1.1.2 120.70 NOTE
r-release-linux-x86_64 1.1.2 5.86 61.79 67.65 NOTE
r-release-macos-arm64 1.1.2 NOTE
r-release-macos-x86_64 1.1.2 NOTE
r-release-windows-ix86+x86_64 1.1.2 14.00 63.00 77.00 NOTE
r-oldrel-macos-x86_64 1.1.2 OK
r-oldrel-windows-ix86+x86_64 1.1.2 12.00 87.00 99.00 OK

Check Details

Version: 1.1.2
Check: LazyData
Result: NOTE
     'LazyData' is specified without a 'data' directory
Flavors: r-devel-linux-x86_64-debian-clang, r-devel-linux-x86_64-debian-gcc, r-devel-linux-x86_64-fedora-clang, r-devel-linux-x86_64-fedora-gcc, r-devel-windows-x86_64, r-devel-windows-x86_64-gcc10-UCRT, r-patched-linux-x86_64, r-patched-solaris-x86, r-release-linux-x86_64, r-release-macos-arm64, r-release-macos-x86_64, r-release-windows-ix86+x86_64