CRAN Package Check Results for Package MendelianRandomization

Last updated on 2021-09-19 07:50:30 CEST.

Flavor Version Tinstall Tcheck Ttotal Status Flags
r-devel-linux-x86_64-debian-clang 0.5.1 25.69 197.43 223.12 OK
r-devel-linux-x86_64-debian-gcc 0.5.1 20.29 145.37 165.66 OK
r-devel-linux-x86_64-fedora-clang 0.5.1 268.67 OK
r-devel-linux-x86_64-fedora-gcc 0.5.1 255.25 OK
r-devel-windows-x86_64 0.5.1 27.00 179.00 206.00 OK
r-devel-windows-x86_64-gcc10-UCRT 0.5.1 ERROR
r-patched-linux-x86_64 0.5.1 25.22 187.33 212.55 OK
r-patched-solaris-x86 0.5.1 269.30 OK
r-release-linux-x86_64 0.5.1 21.66 187.37 209.03 OK
r-release-macos-arm64 0.5.1 OK
r-release-macos-x86_64 0.5.1 OK
r-release-windows-ix86+x86_64 0.5.1 46.00 239.00 285.00 OK
r-oldrel-macos-x86_64 0.5.1 OK
r-oldrel-windows-ix86+x86_64 0.5.1 46.00 239.00 285.00 OK

Check Details

Version: 0.5.1
Check: whether package can be installed
Result: WARN
    Found the following significant warnings:
     WARNING: installation-time patches will not be applied, could not get the patches index
Flavor: r-devel-windows-x86_64-gcc10-UCRT

Version: 0.5.1
Check: PDF version of manual
Result: WARN
    LaTeX errors when creating PDF version.
    This typically indicates Rd problems.
Flavor: r-devel-windows-x86_64-gcc10-UCRT

Version: 0.5.1
Check: PDF version of manual without hyperrefs or index
Result: ERROR
    Re-running with no redirection of stdout/stderr.
Flavor: r-devel-windows-x86_64-gcc10-UCRT