CRAN Package Check Results for Package MRH

Last updated on 2021-09-28 07:48:34 CEST.

Flavor Version Tinstall Tcheck Ttotal Status Flags
r-devel-linux-x86_64-debian-clang 2.2 14.94 90.45 105.39 NOTE
r-devel-linux-x86_64-debian-gcc 2.2 11.60 67.38 78.98 NOTE
r-devel-linux-x86_64-fedora-clang 2.2 133.61 NOTE
r-devel-linux-x86_64-fedora-gcc 2.2 122.72 NOTE
r-devel-windows-x86_64 2.2 18.00 84.00 102.00 OK
r-devel-windows-x86_64-gcc10-UCRT 2.2 OK
r-patched-linux-x86_64 2.2 14.09 86.99 101.08 NOTE
r-patched-solaris-x86 2.2 165.20 NOTE
r-release-linux-x86_64 2.2 16.22 87.23 103.45 NOTE
r-release-macos-arm64 2.2 OK
r-release-macos-x86_64 2.2 OK
r-release-windows-ix86+x86_64 2.2 30.00 127.00 157.00 OK
r-oldrel-macos-x86_64 2.2 OK
r-oldrel-windows-ix86+x86_64 2.2 22.00 96.00 118.00 OK

Check Details

Version: 2.2
Check: for non-standard things in the check directory
Result: NOTE
    Found the following files/directories:
     'MRH_lung'
Flavors: r-devel-linux-x86_64-debian-clang, r-devel-linux-x86_64-debian-gcc, r-devel-linux-x86_64-fedora-clang, r-devel-linux-x86_64-fedora-gcc, r-patched-linux-x86_64, r-patched-solaris-x86, r-release-linux-x86_64

Version: 2.2
Check: compiled code
Result: NOTE
    File ‘MRH/libs/MRH.so’:
     Found no calls to: ‘R_registerRoutines’, ‘R_useDynamicSymbols’
    
    It is good practice to register native routines and to disable symbol
    search.
    
    See ‘Writing portable packages’ in the ‘Writing R Extensions’ manual.
Flavors: r-devel-linux-x86_64-fedora-clang, r-devel-linux-x86_64-fedora-gcc