CRAN Package Check Results for Package MODISSnow

Last updated on 2021-09-28 07:48:33 CEST.

Flavor Version Tinstall Tcheck Ttotal Status Flags
r-devel-linux-x86_64-debian-clang 0.1.0.0 1.95 25.09 27.04 NOTE
r-devel-linux-x86_64-debian-gcc 0.1.0.0 1.58 19.86 21.44 NOTE
r-devel-linux-x86_64-fedora-clang 0.1.0.0 41.38 NOTE
r-devel-linux-x86_64-fedora-gcc 0.1.0.0 30.25 NOTE
r-devel-windows-x86_64 0.1.0.0 3.00 29.00 32.00 NOTE
r-devel-windows-x86_64-gcc10-UCRT 0.1.0.0 NOTE
r-patched-linux-x86_64 0.1.0.0 1.83 24.38 26.21 NOTE
r-patched-solaris-x86 0.1.0.0 49.50 NOTE
r-release-linux-x86_64 0.1.0.0 1.79 24.36 26.15 NOTE
r-release-macos-arm64 0.1.0.0 NOTE
r-release-macos-x86_64 0.1.0.0 NOTE
r-release-windows-ix86+x86_64 0.1.0.0 5.00 40.00 45.00 NOTE
r-oldrel-macos-x86_64 0.1.0.0 OK
r-oldrel-windows-ix86+x86_64 0.1.0.0 3.00 33.00 36.00 OK

Check Details

Version: 0.1.0.0
Check: LazyData
Result: NOTE
     'LazyData' is specified without a 'data' directory
Flavors: r-devel-linux-x86_64-debian-clang, r-devel-linux-x86_64-debian-gcc, r-devel-linux-x86_64-fedora-clang, r-devel-linux-x86_64-fedora-gcc, r-devel-windows-x86_64, r-devel-windows-x86_64-gcc10-UCRT, r-patched-linux-x86_64, r-patched-solaris-x86, r-release-linux-x86_64, r-release-macos-arm64, r-release-macos-x86_64, r-release-windows-ix86+x86_64