CRAN Package Check Results for Package MNM

Last updated on 2021-08-02 07:51:55 CEST.

Flavor Version Tinstall Tcheck Ttotal Status Flags
r-devel-linux-x86_64-debian-clang 1.0-3 11.66 105.87 117.53 NOTE
r-devel-linux-x86_64-debian-gcc 1.0-3 10.09 78.38 88.47 NOTE
r-devel-linux-x86_64-fedora-clang 1.0-3 148.52 NOTE
r-devel-linux-x86_64-fedora-gcc 1.0-3 137.32 NOTE
r-devel-windows-x86_64 1.0-3 11.00 132.00 143.00 OK
r-devel-windows-x86_64-gcc10-UCRT 1.0-3 NOTE
r-patched-linux-x86_64 1.0-3 NOTE
r-patched-solaris-x86 1.0-3 189.50 NOTE
r-release-linux-x86_64 1.0-3 11.27 101.18 112.45 NOTE
r-release-macos-arm64 1.0-3 NOTE
r-release-macos-x86_64 1.0-3 NOTE
r-release-windows-ix86+x86_64 1.0-3 24.00 94.00 118.00 OK
r-oldrel-macos-x86_64 1.0-3 OK
r-oldrel-windows-ix86+x86_64 1.0-3 17.00 133.00 150.00 OK

Check Details

Version: 1.0-3
Check: package dependencies
Result: NOTE
    Package suggested but not available for checking: 'Flury'
Flavors: r-devel-linux-x86_64-debian-clang, r-devel-linux-x86_64-debian-gcc, r-devel-linux-x86_64-fedora-clang, r-devel-linux-x86_64-fedora-gcc, r-devel-windows-x86_64-gcc10-UCRT, r-patched-linux-x86_64, r-patched-solaris-x86, r-release-linux-x86_64, r-release-macos-arm64, r-release-macos-x86_64