CRAN Package Check Results for Package MM2S

Last updated on 2021-07-28 07:49:31 CEST.

Flavor Version Tinstall Tcheck Ttotal Status Flags
r-devel-linux-x86_64-debian-clang 1.0.6 NOTE
r-devel-linux-x86_64-debian-gcc 1.0.6 40.59 337.41 378.00 NOTE
r-devel-linux-x86_64-fedora-clang 1.0.6 580.37 NOTE
r-devel-linux-x86_64-fedora-gcc 1.0.6 574.93 NOTE
r-devel-windows-x86_64 1.0.6 58.00 462.00 520.00 OK
r-devel-windows-x86_64-gcc10-UCRT 1.0.6 WARN
r-patched-linux-x86_64 1.0.6 38.58 411.58 450.16 NOTE
r-patched-solaris-x86 1.0.6 815.80 NOTE
r-release-linux-x86_64 1.0.6 37.42 412.01 449.43 NOTE
r-release-macos-arm64 1.0.6 ERROR
r-release-macos-x86_64 1.0.6 OK
r-release-windows-ix86+x86_64 1.0.6 91.00 351.00 442.00 OK
r-oldrel-macos-x86_64 1.0.6 OK
r-oldrel-windows-ix86+x86_64 1.0.6 54.00 400.00 454.00 OK

Check Details

Version: 1.0.6
Check: for non-standard things in the check directory
Result: NOTE
    Found the following files/directories:
     'MM2S_Predictions_Heatmap.pdf' 'MM2S_Predictions_StackedBarplot.pdf'
Flavors: r-devel-linux-x86_64-debian-clang, r-devel-linux-x86_64-debian-gcc, r-devel-linux-x86_64-fedora-clang, r-devel-linux-x86_64-fedora-gcc, r-patched-linux-x86_64, r-patched-solaris-x86, r-release-linux-x86_64

Version: 1.0.6
Check: re-building of vignette outputs
Result: WARN
    Error(s) in re-building vignettes:
    --- re-building 'MM2S.Rnw' using knitr
    Warning in doTryCatch(return(expr), name, parentenv, handler) :
     "labelcex" is not a graphical parameter
    Warning in doTryCatch(return(expr), name, parentenv, handler) :
     "labelcex" is not a graphical parameter
    Warning in doTryCatch(return(expr), name, parentenv, handler) :
     "labelcex" is not a graphical parameter
    Warning in doTryCatch(return(expr), name, parentenv, handler) :
     "labelcex" is not a graphical parameter
    Warning in system(paste(shQuote(texi2dvi), if (quiet) "--quiet" else "", :
     running command '"C:\PROGRA~1\MIKTEX~1.9\miktex\bin\x64\texify.exe" --quiet --pdf "MM2S.tex" --max-iterations=20 -I "C:/msys64/home/tomas/ucrt3/svn/ucrt3/r_packages/rinst/share/texmf/tex/latex" -I "C:/msys64/home/tomas/ucrt3/svn/ucrt3/r_packages/rinst/share/texmf/bibtex/bst"' had status 1
    Error: processing vignette 'MM2S.Rnw' failed with diagnostics:
    running 'texi2dvi' on 'MM2S.tex' failed
    
    LaTeX errors:
    vign_test/MM2S/vignettes/MM2S.tex:137: pdfTeX error (font expansion): auto expa
    nsion is only possible with scalable fonts.
    <argument> ...shipout:D \box_use:N \l_shipout_box
     \__shipout_drop_firstpage_...
    l.137 \end{kframe}
    vign_test/MM2S/vignettes/MM2S.tex:137: ==> Fatal error occurred, no output PDF
     file produced!
    
    --- failed re-building 'MM2S.Rnw'
    
    --- re-building 'MM2S_FromRawData.Rnw' using knitr
    Warning in system(paste(shQuote(texi2dvi), if (quiet) "--quiet" else "", :
     running command '"C:\PROGRA~1\MIKTEX~1.9\miktex\bin\x64\texify.exe" --quiet --pdf "MM2S_FromRawData.tex" --max-iterations=20 -I "C:/msys64/home/tomas/ucrt3/svn/ucrt3/r_packages/rinst/share/texmf/tex/latex" -I "C:/msys64/home/tomas/ucrt3/svn/ucrt3/r_packages/rinst/share/texmf/bibtex/bst"' had status 1
    Error: processing vignette 'MM2S_FromRawData.Rnw' failed with diagnostics:
    running 'texi2dvi' on 'MM2S_FromRawData.tex' failed
    
    LaTeX errors:
    vign_test/MM2S/vignettes/MM2S_FromRawData.tex:144: pdfTeX error (font expansion
    ): auto expansion is only possible with scalable fonts.
    <argument> ...shipout:D \box_use:N \l_shipout_box
     \__shipout_drop_firstpage_...
    l.144 \end{kframe}
    vign_test/MM2S/vignettes/MM2S_FromRawData.tex:144: ==> Fatal error occurred, n
    o output PDF file produced!
    
    --- failed re-building 'MM2S_FromRawData.Rnw'
    
    SUMMARY: processing the following files failed:
     'MM2S.Rnw' 'MM2S_FromRawData.Rnw'
    
    Error: Vignette re-building failed.
    Execution halted
Flavor: r-devel-windows-x86_64-gcc10-UCRT

Version: 1.0.6
Check: package dependencies
Result: ERROR
    Package required but not available: ‘GSVA’
    
    See section ‘The DESCRIPTION file’ in the ‘Writing R Extensions’
    manual.
Flavor: r-release-macos-arm64