CRAN Package Check Results for Package MKinfer

Last updated on 2021-10-18 07:49:48 CEST.

Flavor Version Tinstall Tcheck Ttotal Status Flags
r-devel-linux-x86_64-debian-clang 0.6 8.11 125.32 133.43 OK
r-devel-linux-x86_64-debian-gcc 0.6 6.51 90.72 97.23 OK
r-devel-linux-x86_64-fedora-clang 0.6 165.53 NOTE
r-devel-linux-x86_64-fedora-gcc 0.6 152.05 OK
r-devel-windows-x86_64 0.6 15.00 155.00 170.00 OK
r-devel-windows-x86_64-gcc10-UCRT 0.6 OK
r-patched-linux-x86_64 0.6 9.41 115.72 125.13 OK
r-patched-solaris-x86 0.6 144.10 OK
r-release-linux-x86_64 0.6 6.42 116.02 122.44 OK
r-release-macos-arm64 0.6 OK
r-release-macos-x86_64 0.6 OK
r-release-windows-ix86+x86_64 0.6 12.00 148.00 160.00 OK
r-oldrel-macos-x86_64 0.6 OK
r-oldrel-windows-ix86+x86_64 0.6 19.00 146.00 165.00 OK

Check Details

Version: 0.6
Check: Rd cross-references
Result: NOTE
    Undeclared package ‘Hmisc’ in Rd xrefs
Flavor: r-devel-linux-x86_64-fedora-clang