CRAN Package Check Results for Package MGMS2

Last updated on 2022-05-16 08:50:12 CEST.

Flavor Version Tinstall Tcheck Ttotal Status Flags
r-devel-linux-x86_64-debian-clang 1.0.2 5.08 69.69 74.77 NOTE
r-devel-linux-x86_64-debian-gcc 1.0.2 3.71 54.91 58.62 NOTE
r-devel-linux-x86_64-fedora-clang 1.0.2 89.46 NOTE
r-devel-linux-x86_64-fedora-gcc 1.0.2 87.94 NOTE
r-devel-windows-x86_64 1.0.2 27.00 89.00 116.00 NOTE
r-patched-linux-x86_64 1.0.2 5.02 68.04 73.06 NOTE
r-release-linux-x86_64 1.0.2 3.86 68.58 72.44 NOTE
r-release-macos-arm64 1.0.2 30.00 NOTE
r-release-macos-x86_64 1.0.2 42.00 NOTE
r-release-windows-x86_64 1.0.2 31.00 93.00 124.00 NOTE
r-oldrel-macos-arm64 1.0.2 38.00 NOTE
r-oldrel-macos-x86_64 1.0.2 57.00 NOTE
r-oldrel-windows-ix86+x86_64 1.0.2 10.00 91.00 101.00 NOTE

Check Details

Version: 1.0.2
Check: LazyData
Result: NOTE
     'LazyData' is specified without a 'data' directory
Flavors: r-devel-linux-x86_64-debian-clang, r-devel-linux-x86_64-debian-gcc, r-devel-linux-x86_64-fedora-clang, r-devel-linux-x86_64-fedora-gcc, r-devel-windows-x86_64, r-patched-linux-x86_64, r-release-linux-x86_64, r-release-macos-arm64, r-release-macos-x86_64, r-release-windows-x86_64, r-oldrel-macos-arm64, r-oldrel-macos-x86_64, r-oldrel-windows-ix86+x86_64