CRAN Package Check Results for Package MAP

Last updated on 2021-06-12 08:50:09 CEST.

Flavor Version Tinstall Tcheck Ttotal Status Flags
r-devel-linux-x86_64-debian-clang 0.1.3 8.27 73.28 81.55 NOTE
r-devel-linux-x86_64-debian-gcc 0.1.3 7.57 58.31 65.88 NOTE
r-devel-linux-x86_64-fedora-clang 0.1.3 107.60 NOTE
r-devel-linux-x86_64-fedora-gcc 0.1.3 103.46 NOTE
r-devel-windows-x86_64 0.1.3 14.00 93.00 107.00 NOTE
r-devel-windows-x86_64-gcc10-UCRT 0.1.3 NOTE
r-patched-linux-x86_64 0.1.3 8.10 71.49 79.59 NOTE
r-patched-solaris-x86 0.1.3 141.60 NOTE
r-release-linux-x86_64 0.1.3 7.78 70.63 78.41 NOTE
r-release-macos-arm64 0.1.3 NOTE
r-release-macos-x86_64 0.1.3 NOTE
r-release-windows-ix86+x86_64 0.1.3 17.00 91.00 108.00 NOTE
r-oldrel-macos-x86_64 0.1.3 OK
r-oldrel-windows-ix86+x86_64 0.1.3 15.00 91.00 106.00 OK

Check Details

Version: 0.1.3
Check: LazyData
Result: NOTE
     'LazyData' is specified without a 'data' directory
Flavors: r-devel-linux-x86_64-debian-clang, r-devel-linux-x86_64-debian-gcc, r-devel-linux-x86_64-fedora-clang, r-devel-linux-x86_64-fedora-gcc, r-devel-windows-x86_64, r-devel-windows-x86_64-gcc10-UCRT, r-patched-linux-x86_64, r-patched-solaris-x86, r-release-linux-x86_64, r-release-macos-arm64, r-release-macos-x86_64, r-release-windows-ix86+x86_64