CRAN Package Check Results for Package Luminescence

Last updated on 2021-08-04 07:49:40 CEST.

Flavor Version Tinstall Tcheck Ttotal Status Flags
r-devel-linux-x86_64-debian-clang 0.9.14 114.83 369.11 483.94 OK
r-devel-linux-x86_64-debian-gcc 0.9.14 79.37 268.05 347.42 OK
r-devel-linux-x86_64-fedora-clang 0.9.14 599.53 NOTE
r-devel-linux-x86_64-fedora-gcc 0.9.14 587.03 OK
r-devel-windows-x86_64 0.9.14 125.00 430.00 555.00 NOTE
r-devel-windows-x86_64-gcc10-UCRT 0.9.14 OK
r-patched-linux-x86_64 0.9.14 110.93 350.94 461.87 OK
r-patched-solaris-x86 0.9.14 645.70 OK
r-release-linux-x86_64 0.9.14 95.76 347.86 443.62 OK
r-release-macos-arm64 0.9.14 NOTE
r-release-macos-x86_64 0.9.14 NOTE
r-release-windows-ix86+x86_64 0.9.14 231.00 434.00 665.00 NOTE
r-oldrel-macos-x86_64 0.9.14 NOTE
r-oldrel-windows-ix86+x86_64 0.9.14 186.00 469.00 655.00 NOTE

Check Details

Version: 0.9.14
Check: installed package size
Result: NOTE
     installed size is 6.1Mb
     sub-directories of 1Mb or more:
     R 1.7Mb
     help 1.2Mb
     libs 2.1Mb
Flavors: r-devel-linux-x86_64-fedora-clang, r-devel-windows-x86_64, r-release-macos-arm64, r-release-macos-x86_64, r-release-windows-ix86+x86_64, r-oldrel-macos-x86_64, r-oldrel-windows-ix86+x86_64

Version: 0.9.14
Check: package dependencies
Result: NOTE
    Package suggested but not available for checking: ‘rjags’
Flavor: r-release-macos-arm64

Version: 0.9.14
Check: Rd cross-references
Result: NOTE
    Package unavailable to check Rd xrefs: ‘rjags’
Flavor: r-release-macos-arm64