CRAN Package Check Results for Package LinRegInteractive

Last updated on 2021-05-07 07:47:40 CEST.

Flavor Version Tinstall Tcheck Ttotal Status Flags
r-devel-linux-x86_64-debian-clang 0.3-3 5.04 49.64 54.68 OK
r-devel-linux-x86_64-debian-gcc 0.3-3 4.14 39.14 43.28 OK
r-devel-linux-x86_64-fedora-clang 0.3-3 80.20 OK
r-devel-linux-x86_64-fedora-gcc 0.3-3 71.87 OK
r-devel-windows-ix86+x86_64 0.3-3 7.00 68.00 75.00 OK
r-devel-windows-x86_64-gcc10-UCRT 0.3-3 OK
r-patched-linux-x86_64 0.3-3 5.85 49.63 55.48 OK
r-patched-solaris-x86 0.3-3 97.80 OK
r-release-linux-x86_64 0.3-3 4.77 48.01 52.78 OK
r-release-macos-x86_64 0.3-3 ERROR
r-release-windows-ix86+x86_64 0.3-3 7.00 52.00 59.00 OK
r-oldrel-macos-x86_64 0.3-3 ERROR
r-oldrel-windows-ix86+x86_64 0.3-3 8.00 5.00 13.00 ERROR

Check Details

Version: 0.3-3
Check: package dependencies
Result: ERROR
    Package required but not available: ‘rpanel’
    
    See section ‘The DESCRIPTION file’ in the ‘Writing R Extensions’
    manual.
Flavors: r-release-macos-x86_64, r-oldrel-macos-x86_64

Version: 0.3-3
Check: whether package can be installed
Result: ERROR
    Installation failed.
    *
Flavor: r-oldrel-windows-ix86+x86_64