CRAN Package Check Results for Package LSX

Last updated on 2021-09-22 07:51:24 CEST.

Flavor Version Tinstall Tcheck Ttotal Status Flags
r-devel-linux-x86_64-debian-clang 1.0.2 12.05 263.25 275.30 OK
r-devel-linux-x86_64-debian-gcc 1.0.2 9.77 195.51 205.28 OK
r-devel-linux-x86_64-fedora-clang 1.0.2 321.61 NOTE
r-devel-linux-x86_64-fedora-gcc 1.0.2 323.24 NOTE
r-devel-windows-x86_64 1.0.0 12.00 236.00 248.00 OK
r-devel-windows-x86_64-gcc10-UCRT 1.0.2 ERROR
r-patched-linux-x86_64 1.0.2 15.61 270.92 286.53 OK
r-patched-solaris-x86 1.0.2 714.70 NOTE
r-release-linux-x86_64 1.0.0 11.74 284.47 296.21 OK
r-release-macos-arm64 1.0.0 NOTE
r-release-macos-x86_64 1.0.2 NOTE
r-release-windows-ix86+x86_64 1.0.2 32.00 260.00 292.00 OK
r-oldrel-macos-x86_64 1.0.2 NOTE
r-oldrel-windows-ix86+x86_64 1.0.2 26.00 249.00 275.00 OK

Check Details

Version: 1.0.2
Check: data for non-ASCII characters
Result: NOTE
     Note: found 2096 marked UTF-8 strings
Flavors: r-devel-linux-x86_64-fedora-clang, r-devel-linux-x86_64-fedora-gcc, r-patched-solaris-x86, r-release-macos-x86_64, r-oldrel-macos-x86_64

Version: 1.0.2
Check: package dependencies
Result: ERROR
    Packages required but not available:
     'quanteda', 'quanteda.textstats', 'proxyC'
    
    See section 'The DESCRIPTION file' in the 'Writing R Extensions'
    manual.
Flavor: r-devel-windows-x86_64-gcc10-UCRT

Version: 1.0.0
Check: data for non-ASCII characters
Result: NOTE
     Note: found 2096 marked UTF-8 strings
Flavor: r-release-macos-arm64