CRAN Package Check Results for Package LSAmitR

Last updated on 2021-09-22 07:51:24 CEST.

Flavor Version Tinstall Tcheck Ttotal Status Flags
r-devel-linux-x86_64-debian-clang 1.0-2 11.36 118.38 129.74 OK
r-devel-linux-x86_64-debian-gcc 1.0-2 9.40 89.86 99.26 OK
r-devel-linux-x86_64-fedora-clang 1.0-2 166.50 NOTE
r-devel-linux-x86_64-fedora-gcc 1.0-2 161.90 NOTE
r-devel-windows-x86_64 1.0-2 17.00 110.00 127.00 OK
r-devel-windows-x86_64-gcc10-UCRT 1.0-2 ERROR
r-patched-linux-x86_64 1.0-2 11.58 112.73 124.31 OK
r-patched-solaris-x86 1.0-2 231.20 NOTE
r-release-linux-x86_64 1.0-2 10.93 111.49 122.42 OK
r-release-macos-arm64 1.0-2 NOTE
r-release-macos-x86_64 1.0-2 NOTE
r-release-windows-ix86+x86_64 1.0-2 31.00 146.00 177.00 OK
r-oldrel-macos-x86_64 1.0-2 NOTE
r-oldrel-windows-ix86+x86_64 1.0-2 20.00 115.00 135.00 OK

Check Details

Version: 1.0-2
Check: data for non-ASCII characters
Result: NOTE
     Note: found 55 marked UTF-8 strings
Flavors: r-devel-linux-x86_64-fedora-clang, r-devel-linux-x86_64-fedora-gcc, r-patched-solaris-x86, r-release-macos-arm64, r-release-macos-x86_64, r-oldrel-macos-x86_64

Version: 1.0-2
Check: package dependencies
Result: ERROR
    Package required but not available: 'Hmisc'
    
    See section 'The DESCRIPTION file' in the 'Writing R Extensions'
    manual.
Flavor: r-devel-windows-x86_64-gcc10-UCRT