CRAN Package Check Results for Package LOGAN

Last updated on 2021-09-17 07:51:34 CEST.

Flavor Version Tinstall Tcheck Ttotal Status Flags
r-devel-linux-x86_64-debian-clang 1.0.0 4.12 32.39 36.51 OK
r-devel-linux-x86_64-debian-gcc 1.0.0 3.14 27.78 30.92 OK
r-devel-linux-x86_64-fedora-clang 1.0.0 57.26 NOTE
r-devel-linux-x86_64-fedora-gcc 1.0.0 45.64 NOTE
r-devel-windows-x86_64 1.0.0 7.00 46.00 53.00 OK
r-devel-windows-x86_64-gcc10-UCRT 1.0.0 NOTE
r-patched-linux-x86_64 1.0.0 4.16 34.39 38.55 OK
r-patched-solaris-x86 1.0.0 66.60 NOTE
r-release-linux-x86_64 1.0.0 3.49 34.34 37.83 OK
r-release-macos-arm64 1.0.0 NOTE
r-release-macos-x86_64 1.0.0 NOTE
r-release-windows-ix86+x86_64 1.0.0 8.00 53.00 61.00 OK
r-oldrel-macos-x86_64 1.0.0 NOTE
r-oldrel-windows-ix86+x86_64 1.0.0 6.00 49.00 55.00 OK

Check Details

Version: 1.0.0
Check: dependencies in R code
Result: NOTE
    Namespace in Imports field not imported from: ‘modules’
     All declared Imports should be used.
Flavors: r-devel-linux-x86_64-fedora-clang, r-devel-linux-x86_64-fedora-gcc, r-devel-windows-x86_64-gcc10-UCRT, r-patched-solaris-x86, r-release-macos-arm64, r-release-macos-x86_64, r-oldrel-macos-x86_64