CRAN Package Check Results for Package LOGAN

Last updated on 2021-06-18 07:48:14 CEST.

Flavor Version Tinstall Tcheck Ttotal Status Flags
r-devel-linux-x86_64-debian-clang 1.0.0 3.87 32.09 35.96 OK
r-devel-linux-x86_64-debian-gcc 1.0.0 3.35 27.51 30.86 OK
r-devel-linux-x86_64-fedora-clang 1.0.0 56.84 NOTE
r-devel-linux-x86_64-fedora-gcc 1.0.0 46.06 NOTE
r-devel-windows-x86_64 1.0.0 7.00 49.00 56.00 OK
r-devel-windows-x86_64-gcc10-UCRT 1.0.0 NOTE
r-patched-linux-x86_64 1.0.0 4.51 34.35 38.86 OK
r-patched-solaris-x86 1.0.0 67.20 NOTE
r-release-linux-x86_64 1.0.0 3.89 33.71 37.60 OK
r-release-macos-arm64 1.0.0 NOTE
r-release-macos-x86_64 1.0.0 NOTE
r-release-windows-ix86+x86_64 1.0.0 8.00 49.00 57.00 OK
r-oldrel-macos-x86_64 1.0.0 NOTE
r-oldrel-windows-ix86+x86_64 1.0.0 6.00 40.00 46.00 OK

Check Details

Version: 1.0.0
Check: dependencies in R code
Result: NOTE
    Namespace in Imports field not imported from: ‘modules’
     All declared Imports should be used.
Flavors: r-devel-linux-x86_64-fedora-clang, r-devel-linux-x86_64-fedora-gcc, r-devel-windows-x86_64-gcc10-UCRT, r-patched-solaris-x86, r-release-macos-arm64, r-release-macos-x86_64, r-oldrel-macos-x86_64