CRAN Package Check Results for Package LBSPR

Last updated on 2021-06-15 08:49:58 CEST.

Flavor Version Tinstall Tcheck Ttotal Status Flags
r-devel-linux-x86_64-debian-clang 0.1.5 37.62 88.73 126.35 NOTE
r-devel-linux-x86_64-debian-gcc 0.1.5 22.72 64.35 87.07 NOTE
r-devel-linux-x86_64-fedora-clang 0.1.5 160.78 NOTE
r-devel-linux-x86_64-fedora-gcc 0.1.5 144.23 NOTE
r-devel-windows-x86_64 0.1.5 45.00 103.00 148.00 NOTE
r-devel-windows-x86_64-gcc10-UCRT 0.1.5 NOTE
r-patched-linux-x86_64 0.1.5 27.27 82.41 109.68 NOTE
r-patched-solaris-x86 0.1.5 167.50 NOTE
r-release-linux-x86_64 0.1.5 23.36 82.17 105.53 NOTE
r-release-macos-arm64 0.1.5 NOTE
r-release-macos-x86_64 0.1.5 NOTE
r-release-windows-ix86+x86_64 0.1.5 76.00 139.00 215.00 NOTE
r-oldrel-macos-x86_64 0.1.5 OK
r-oldrel-windows-ix86+x86_64 0.1.5 78.00 154.00 232.00 OK

Check Details

Version: 0.1.5
Check: LazyData
Result: NOTE
     'LazyData' is specified without a 'data' directory
Flavors: r-devel-linux-x86_64-debian-clang, r-devel-linux-x86_64-debian-gcc, r-devel-linux-x86_64-fedora-clang, r-devel-linux-x86_64-fedora-gcc, r-devel-windows-x86_64, r-devel-windows-x86_64-gcc10-UCRT, r-patched-linux-x86_64, r-patched-solaris-x86, r-release-linux-x86_64, r-release-macos-arm64, r-release-macos-x86_64, r-release-windows-ix86+x86_64