CRAN Package Check Results for Package KPC

Last updated on 2021-08-04 07:49:39 CEST.

Flavor Version Tinstall Tcheck Ttotal Status Flags
r-devel-linux-x86_64-debian-clang 0.1.0 5.56 58.06 63.62 OK
r-devel-linux-x86_64-debian-gcc 0.1.0 4.52 41.50 46.02 OK
r-devel-linux-x86_64-fedora-clang 0.1.0 80.59 NOTE
r-devel-linux-x86_64-fedora-gcc 0.1.0 70.03 NOTE
r-devel-windows-x86_64 0.1.0 8.00 75.00 83.00 OK
r-devel-windows-x86_64-gcc10-UCRT 0.1.0 NOTE
r-patched-linux-x86_64 0.1.0 5.82 53.12 58.94 OK
r-patched-solaris-x86 0.1.0 104.10 NOTE
r-release-linux-x86_64 0.1.0 5.39 52.87 58.26 OK
r-release-macos-arm64 0.1.0 NOTE
r-release-macos-x86_64 0.1.0 NOTE
r-release-windows-ix86+x86_64 0.1.0 12.00 56.00 68.00 OK
r-oldrel-macos-x86_64 0.1.0 NOTE
r-oldrel-windows-ix86+x86_64 0.1.0 11.00 77.00 88.00 OK

Check Details

Version: 0.1.0
Check: dependencies in R code
Result: NOTE
    Namespace in Imports field not imported from: ‘gmp’
     All declared Imports should be used.
Flavors: r-devel-linux-x86_64-fedora-clang, r-devel-linux-x86_64-fedora-gcc, r-devel-windows-x86_64-gcc10-UCRT, r-patched-solaris-x86, r-release-macos-arm64, r-release-macos-x86_64, r-oldrel-macos-x86_64