CRAN Package Check Results for Package JacobiEigen

Last updated on 2021-09-21 07:50:14 CEST.

Flavor Version Tinstall Tcheck Ttotal Status Flags
r-devel-linux-x86_64-debian-clang 0.3-4 22.83 35.30 58.13 OK
r-devel-linux-x86_64-debian-gcc 0.3-4 14.29 28.41 42.70 OK
r-devel-linux-x86_64-fedora-clang 0.3-4 83.65 OK
r-devel-linux-x86_64-fedora-gcc 0.3-4 68.18 OK
r-devel-windows-x86_64 0.3-4 22.00 53.00 75.00 OK
r-devel-windows-x86_64-gcc10-UCRT 0.3-4 ERROR
r-patched-linux-x86_64 0.3-4 17.41 34.52 51.93 OK
r-patched-solaris-x86 0.3-4 80.60 OK
r-release-linux-x86_64 0.3-4 16.85 34.37 51.22 OK
r-release-macos-arm64 0.3-4 OK
r-release-macos-x86_64 0.3-4 OK
r-release-windows-ix86+x86_64 0.3-4 53.00 78.00 131.00 OK
r-oldrel-macos-x86_64 0.3-4 OK
r-oldrel-windows-ix86+x86_64 0.3-4 49.00 91.00 140.00 OK

Check Details

Version: 0.3-4
Check: whether package can be installed
Result: ERROR
    Installation failed.
Flavor: r-devel-windows-x86_64-gcc10-UCRT