CRAN Package Check Results for Package InformationValue

Last updated on 2021-07-24 07:49:28 CEST.

Flavor Version Tinstall Tcheck Ttotal Status Flags
r-devel-linux-x86_64-debian-clang 1.2.3 5.54 56.46 62.00 NOTE
r-devel-linux-x86_64-debian-gcc 1.2.3 4.32 41.92 46.24 NOTE
r-devel-linux-x86_64-fedora-clang 1.2.3 85.08 NOTE
r-devel-linux-x86_64-fedora-gcc 1.2.3 72.23 NOTE
r-devel-windows-x86_64 1.2.3 7.00 60.00 67.00 NOTE
r-devel-windows-x86_64-gcc10-UCRT 1.2.3 NOTE
r-patched-linux-x86_64 1.2.3 5.02 52.29 57.31 NOTE
r-patched-solaris-x86 1.2.3 101.60 NOTE
r-release-linux-x86_64 1.2.3 5.11 52.40 57.51 NOTE
r-release-macos-arm64 1.2.3 NOTE
r-release-macos-x86_64 1.2.3 NOTE
r-release-windows-ix86+x86_64 1.2.3 14.00 60.00 74.00 NOTE
r-oldrel-macos-x86_64 1.2.3 NOTE
r-oldrel-windows-ix86+x86_64 1.2.3 16.00 72.00 88.00 NOTE

Check Details

Version: 1.2.3
Check: DESCRIPTION meta-information
Result: NOTE
    BugReports field should be the URL of a single webpage
Flavors: r-devel-linux-x86_64-debian-clang, r-devel-linux-x86_64-debian-gcc, r-devel-linux-x86_64-fedora-clang, r-devel-linux-x86_64-fedora-gcc, r-devel-windows-x86_64, r-devel-windows-x86_64-gcc10-UCRT, r-patched-linux-x86_64, r-patched-solaris-x86, r-release-linux-x86_64, r-release-macos-arm64, r-release-macos-x86_64, r-release-windows-ix86+x86_64, r-oldrel-macos-x86_64, r-oldrel-windows-ix86+x86_64