CRAN Package Check Results for Package IncDTW

Last updated on 2021-07-30 07:50:15 CEST.

Flavor Version Tinstall Tcheck Ttotal Status Flags
r-devel-linux-x86_64-debian-clang 1.1.4.2 NOTE
r-devel-linux-x86_64-debian-gcc 1.1.4.2 82.02 66.85 148.87 NOTE
r-devel-linux-x86_64-fedora-clang 1.1.4.2 293.44 NOTE
r-devel-linux-x86_64-fedora-gcc 1.1.4.2 272.40 NOTE
r-devel-windows-x86_64 1.1.4.2 112.00 127.00 239.00 NOTE
r-devel-windows-x86_64-gcc10-UCRT 1.1.4.2 NOTE
r-patched-linux-x86_64 1.1.4.2 NOTE
r-patched-solaris-x86 1.1.4.2 271.60 NOTE
r-release-linux-x86_64 1.1.4.2 100.26 85.15 185.41 NOTE
r-release-macos-arm64 1.1.4.2 NOTE
r-release-macos-x86_64 1.1.4.2 NOTE
r-release-windows-ix86+x86_64 1.1.4.2 285.00 152.00 437.00 NOTE
r-oldrel-macos-x86_64 1.1.4.2 NOTE
r-oldrel-windows-ix86+x86_64 1.1.4.2 202.00 162.00 364.00 NOTE

Check Details

Version: 1.1.4.2
Check: for GNU extensions in Makefiles
Result: NOTE
    GNU make is a SystemRequirements.
Flavors: r-devel-linux-x86_64-debian-clang, r-devel-linux-x86_64-debian-gcc, r-devel-linux-x86_64-fedora-clang, r-devel-linux-x86_64-fedora-gcc, r-devel-windows-x86_64, r-devel-windows-x86_64-gcc10-UCRT, r-patched-linux-x86_64, r-patched-solaris-x86, r-release-linux-x86_64, r-release-macos-arm64, r-release-macos-x86_64, r-release-windows-ix86+x86_64, r-oldrel-macos-x86_64, r-oldrel-windows-ix86+x86_64

Version: 1.1.4.2
Check: installed package size
Result: NOTE
     installed size is 6.6Mb
     sub-directories of 1Mb or more:
     libs 4.8Mb
Flavors: r-devel-linux-x86_64-fedora-clang, r-release-macos-arm64, r-release-macos-x86_64, r-oldrel-macos-x86_64