CRAN Package Check Results for Package ISOcodes

Last updated on 2021-09-24 07:49:20 CEST.

Flavor Version Tinstall Tcheck Ttotal Status Flags
r-devel-linux-x86_64-debian-clang 2021.02.24 1.75 15.22 16.97 OK
r-devel-linux-x86_64-debian-gcc 2021.02.24 1.39 12.01 13.40 OK
r-devel-linux-x86_64-fedora-clang 2021.02.24 29.90 NOTE
r-devel-linux-x86_64-fedora-gcc 2021.02.24 20.34 NOTE
r-devel-windows-x86_64 2021.02.24 2.00 20.00 22.00 OK
r-devel-windows-x86_64-gcc10-UCRT 2021.02.24 NOTE
r-patched-linux-x86_64 2021.02.24 1.80 14.88 16.68 OK
r-patched-solaris-x86 2021.02.24 32.70 NOTE
r-release-linux-x86_64 2021.02.24 1.57 14.80 16.37 OK
r-release-macos-arm64 2021.02.24 NOTE
r-release-macos-x86_64 2021.02.24 NOTE
r-release-windows-ix86+x86_64 2021.02.24 4.00 25.00 29.00 OK
r-oldrel-macos-x86_64 2021.02.24 NOTE
r-oldrel-windows-ix86+x86_64 2021.02.24 4.00 26.00 30.00 OK

Check Details

Version: 2021.02.24
Check: Rd cross-references
Result: NOTE
    Undeclared package ‘Unicode’ in Rd xrefs
Flavor: r-devel-linux-x86_64-fedora-clang

Version: 2021.02.24
Check: data for non-ASCII characters
Result: NOTE
     Note: found 7418 marked UTF-8 strings
Flavors: r-devel-linux-x86_64-fedora-clang, r-devel-linux-x86_64-fedora-gcc, r-devel-windows-x86_64-gcc10-UCRT, r-patched-solaris-x86, r-release-macos-arm64, r-release-macos-x86_64, r-oldrel-macos-x86_64