CRAN Package Check Results for Package IRTShiny

Last updated on 2021-06-12 08:50:07 CEST.

Flavor Version Tinstall Tcheck Ttotal Status Flags
r-devel-linux-x86_64-debian-clang 1.2 6.89 70.59 77.48 NOTE
r-devel-linux-x86_64-debian-gcc 1.2 6.32 56.75 63.07 NOTE
r-devel-linux-x86_64-fedora-clang 1.2 105.24 NOTE
r-devel-linux-x86_64-fedora-gcc 1.2 101.45 NOTE
r-devel-windows-x86_64 1.2 14.00 94.00 108.00 NOTE
r-devel-windows-x86_64-gcc10-UCRT 1.2 NOTE
r-patched-linux-x86_64 1.2 7.86 68.79 76.65 NOTE
r-patched-solaris-x86 1.2 137.50 NOTE
r-release-linux-x86_64 1.2 7.44 68.93 76.37 NOTE
r-release-macos-arm64 1.2 NOTE
r-release-macos-x86_64 1.2 NOTE
r-release-windows-ix86+x86_64 1.2 16.00 94.00 110.00 NOTE
r-oldrel-macos-x86_64 1.2 OK
r-oldrel-windows-ix86+x86_64 1.2 26.00 96.00 122.00 OK

Check Details

Version: 1.2
Check: LazyData
Result: NOTE
     'LazyData' is specified without a 'data' directory
Flavors: r-devel-linux-x86_64-debian-clang, r-devel-linux-x86_64-debian-gcc, r-devel-linux-x86_64-fedora-clang, r-devel-linux-x86_64-fedora-gcc, r-devel-windows-x86_64, r-devel-windows-x86_64-gcc10-UCRT, r-patched-linux-x86_64, r-patched-solaris-x86, r-release-linux-x86_64, r-release-macos-arm64, r-release-macos-x86_64, r-release-windows-ix86+x86_64