CRAN Package Check Results for Package IOHanalyzer

Last updated on 2021-10-27 07:56:10 CEST.

Flavor Version Tinstall Tcheck Ttotal Status Flags
r-devel-linux-x86_64-debian-clang 0.1.6.1 44.35 124.79 169.14 OK
r-devel-linux-x86_64-debian-gcc 0.1.6.1 33.98 89.59 123.57 OK
r-devel-linux-x86_64-fedora-clang 0.1.6.1 222.58 NOTE
r-devel-linux-x86_64-fedora-gcc 0.1.6.1 212.19 NOTE
r-devel-windows-x86_64 0.1.6.1 63.00 166.00 229.00 OK
r-devel-windows-x86_64-gcc10-UCRT 0.1.6.1 NOTE
r-patched-linux-x86_64 0.1.6.1 43.89 112.31 156.20 OK
r-patched-solaris-x86 0.1.6.1 226.70 NOTE
r-release-linux-x86_64 0.1.6.1 38.97 111.56 150.53 OK
r-release-macos-arm64 0.1.6.1 NOTE
r-release-macos-x86_64 0.1.6.1 NOTE
r-release-windows-ix86+x86_64 0.1.5.2 71.00 223.00 294.00 NOTE
r-oldrel-macos-x86_64 0.1.6.1 NOTE
r-oldrel-windows-ix86+x86_64 0.1.6.1 77.00 174.00 251.00 NOTE

Check Details

Version: 0.1.6.1
Check: dependencies in R code
Result: NOTE
    Namespaces in Imports field not imported from:
     ‘DT’ ‘bsplus’ ‘colourpicker’ ‘kableExtra’ ‘markdown’ ‘shinydashboard’
     ‘shinyjs’
     All declared Imports should be used.
Flavors: r-devel-linux-x86_64-fedora-clang, r-devel-linux-x86_64-fedora-gcc, r-devel-windows-x86_64-gcc10-UCRT, r-patched-solaris-x86, r-release-macos-arm64, r-release-macos-x86_64, r-oldrel-macos-x86_64

Version: 0.1.6.1
Check: data for non-ASCII characters
Result: NOTE
     Note: found 102 marked UTF-8 strings
Flavors: r-devel-linux-x86_64-fedora-clang, r-devel-linux-x86_64-fedora-gcc, r-devel-windows-x86_64-gcc10-UCRT, r-patched-solaris-x86, r-release-macos-arm64, r-release-macos-x86_64, r-oldrel-macos-x86_64

Version: 0.1.6.1
Check: installed package size
Result: NOTE
     installed size is 5.2Mb
     sub-directories of 1Mb or more:
     data 1.4Mb
     libs 2.1Mb
Flavors: r-release-macos-arm64, r-oldrel-windows-ix86+x86_64

Version: 0.1.5.2
Check: installed package size
Result: NOTE
     installed size is 5.5Mb
     sub-directories of 1Mb or more:
     data 1.4Mb
     libs 2.3Mb
Flavor: r-release-windows-ix86+x86_64